{"id":9999,"date":"2022-07-30T14:23:50","date_gmt":"2022-07-30T12:23:50","guid":{"rendered":"https:\/\/johanneum-lueneburg.de\/wordpress\/?page_id=9999"},"modified":"2022-10-11T16:16:08","modified_gmt":"2022-10-11T14:16:08","slug":"griechisch","status":"publish","type":"page","link":"https:\/\/johanneum-lueneburg.de\/wordpress\/griechisch\/","title":{"rendered":"Griechisch"},"content":{"rendered":"<section class=\"l-section wpb_row height_auto\"><div class=\"l-section-h i-cf\"><div class=\"g-cols vc_row via_flex valign_top type_default stacking_default\"><div class=\"vc_col-sm-12 wpb_column vc_column_container\"><div class=\"vc_column-inner\"><div class=\"wpb_wrapper\"><div class=\"w-vwrapper us_custom_b4ecdb3f align_none valign_top\"><div class=\"wpb_text_column\"><div class=\"wpb_wrapper\"><ul>\n<li>Das Johanneum ist eines der wenigen Gymnasien in Niedersachsen, an welchem die Sch\u00fclerinnen und Sch\u00fcler noch Griechisch lernen k\u00f6nnen.<\/li>\n<li>als 3. Fremdsprache (wahlfrei) 3-st\u00fcndig in den Jahrg\u00e4ngen 8 bis 12 (w\u00e4hlbar am Ende von Klasse 7)<\/li>\n<li>Unterricht durchg\u00e4ngig in beiden Halbjahren (nicht-epochal)<\/li>\n<li>Oberstufe: Griechisch wird bis einschlie\u00dflich Jahrgang 12 unterrichtet. Bei erfolgreicher Unterrichtsteilnahme (mindestens 5 Punkte) hat man das GRAECUM erreicht. Dies wird auf dem Abiturzeugnis bescheinigt.<\/li>\n<li><strong>Fachobfrau (kommissarisch):<\/strong> <a href=\"&#x6d;&#x61;&#x69;&#x6c;&#x74;&#x6f;&#x3a;&#x68;&#x65;&#x69;&#x6b;&#x65;&#x2e;&#x76;&#111;&#108;&#108;&#115;&#116;&#101;&#100;&#116;&#64;&#106;&#111;hanneum-&#x6c;&#x67;&#x2e;&#x64;&#x65;\">Heike Vollstedt<\/a><\/li>\n<\/ul>\n<\/div><\/div><\/div><div class=\"w-separator size_medium\"><\/div><\/div><\/div><\/div><\/div><\/div><\/section><section class=\"l-section wpb_row height_auto\"><div class=\"l-section-h i-cf\"><div class=\"g-cols vc_row via_flex valign_top type_default stacking_default\"><div class=\"vc_col-sm-6 wpb_column vc_column_container\"><div class=\"vc_column-inner\"><div class=\"wpb_wrapper\"><div class=\"wpb_text_column\"><div class=\"wpb_wrapper\"><p><strong>\u03a7\u03b1\u1fd6\u03c1\u03b5! Hallo!<\/strong><br \/>\nDu interessierst dich f\u00fcr das Fach Griechisch? Dann kannst du dir unser Youtube-Video anschauen.<br \/>\nOder lies in unserer <a href=\"https:\/\/johanneum-lg.de\/iserv\/file\/-\/Groups\/Fachgruppe%20Griechisch\/Griechisch_JOH\/2021_03_05_Griechisch-Brosch%C3%BCre_JOH.pdf?show=true\">Brosch\u00fcre auf IServ<\/a> (derzeit nur eingeschr\u00e4nkter Zugriff).<\/p>\n<p>Und eigentlich kannst du schon Griechisch lesen, oder?<br \/>\n\u0393\u03a5\u039c\u039d\u0391\u03a3\u0399\u039f\u039d, \u039f\u039b\u03a5\u039c\u03a0\u0399\u0391, \u03a3\u03a4\u0391\u0394\u0399\u039f\u039d, \u039a\u039f\u03a3\u039c\u039f\u03a3\u2026<\/p>\n<p>Albert Einstein, Nobelpreistr\u00e4ger f\u00fcr Physik:<br \/>\n\u201eEs ist nicht genug, den Menschen ein Spezialfach beigebracht zu haben. Dadurch w\u00fcrde er zwar zu einer Art benutzbarer Maschine, aber nicht zu einer vollwertigen Pers\u00f6nlichkeit.\u201c<\/p>\n<\/div><\/div><\/div><\/div><\/div><div class=\"vc_col-sm-6 wpb_column vc_column_container\"><div class=\"vc_column-inner\"><div class=\"wpb_wrapper\"><div class=\"w-video align_none ratio_16x9 has_iframe\"><div class=\"w-video-h\"><iframe title=\"Youtube video player\" src=\"\/\/www.youtube.com\/embed\/akCrykeygFk?origin=https:\/\/johanneum-lueneburg.de\/wordpress&controls=1\" allowfullscreen=\"1\" loading=\"lazy\"><\/iframe><\/div><div class=\"w-video-icon\" style=\"font-size:1.5rem;background:rgba(0,0,0,0.5);color:#fff\"><\/div><\/div><div class=\"wpb_text_column\"><div class=\"wpb_wrapper\"><\/div><\/div><\/div><\/div><\/div><\/div><\/div><\/section><section class=\"l-section wpb_row height_auto\"><div class=\"l-section-h i-cf\"><div class=\"g-cols vc_row via_flex valign_top type_default stacking_default\"><div class=\"vc_col-sm-12 wpb_column vc_column_container\"><div class=\"vc_column-inner\"><div class=\"wpb_wrapper\"><div class=\"w-separator size_medium\"><\/div><div class=\"w-tabs style_default switch_click accordion has_scrolling\" style=\"--sections-title-size:inherit\"><div class=\"w-tabs-sections titles-align_none icon_chevron cpos_right\"><div class=\"w-tabs-section\" id=\"i1a9\"><button class=\"w-tabs-section-header\" aria-controls=\"content-i1a9\" aria-expanded=\"false\"><div class=\"w-tabs-section-title\">Bist Du neugierig? Dann w\u00e4hle Griechisch!<\/div><div class=\"w-tabs-section-control\"><\/div><\/button><div  class=\"w-tabs-section-content\" id=\"content-i1a9\"><div class=\"w-tabs-section-content-h i-cf\"><div class=\"wpb_text_column\"><div class=\"wpb_wrapper\"><p>Warum denn gerade Griechisch?<br \/>\nDu kennst mehr Griechisch, als Du denkst: Ob Du von AUTOS schw\u00e4rmst oder von MEGA-TYPEN oder ob Du einen P\u00c4DAGOGEN schon einmal f\u00fcr einen IDIOTEN h\u00e4ltst und lieber ins KINO oder die DISKO gingest als in die SCHULE bzw. das GYMNASIUM: Du kannst Dich griechischen W\u00f6rtern nicht entziehen!<br \/>\nErst recht in der Wissenschaftssprache kommst Du an Griechisch nicht vorbei:<br \/>\nDa gibt es W\u00f6rter wie THEORIE, PRAXIS, METHODE, PHYSIK, BIO-TECHNO-LOGIE, DEMO-KRATIE&#8230;<br \/>\nUnd es ist doch eine spannende Sache, W\u00f6rtern auf den Grund zu gehen!<br \/>\nAber es geht nat\u00fcrlich nicht nur um W\u00f6rter&#8230;<\/p>\n<\/div><\/div><\/div><\/div><\/div><div class=\"w-tabs-section\" id=\"z2b6\"><button class=\"w-tabs-section-header\" aria-controls=\"content-z2b6\" aria-expanded=\"false\"><div class=\"w-tabs-section-title\">Ja, warum soll ich mich denn mit den Texten von Leuten besch\u00e4ftigen, die schon 2500 Jahre tot sind?<\/div><div class=\"w-tabs-section-control\"><\/div><\/button><div  class=\"w-tabs-section-content\" id=\"content-z2b6\"><div class=\"w-tabs-section-content-h i-cf\"><div class=\"wpb_text_column\"><div class=\"wpb_wrapper\"><p>Weil diese Leute so furchtbar neugierig waren:<br \/>\nSie fragten als erste Europ\u00e4er:<br \/>\nIst die Erde eine Scheibe oder rund?<br \/>\nWas sind die kleinsten Teile der Materie? (eine Antwort: ATOME!)<br \/>\nWas sind die G\u00f6tter, und welchen Einfluss haben sie auf uns?<br \/>\nWas ist die beste Staatsform (z. B. die DEMOKRATIE oder die MONARCHIE)?<br \/>\nWann ist der Mensch gl\u00fccklich?<br \/>\nWer bin ich?<br \/>\nDie Griechen waren aber nicht nur neugierig, sondern hatten einen \u00fcberaus gro\u00dfen Schatz an Mythen:<br \/>\nIn ihren Mythen kommen die G\u00f6tter ZEUS, APHRODITE, APOLLON und viele weitere vor.<br \/>\nDu lernst z. B. die Helden ODYSSEUS und HERAKLES oder die Heldin ANTIGONE kennen, und Du erf\u00e4hrst, wer \u00d6DIPUS wirklich war.<\/p>\n<p>Griechisch ist die \u00e4lteste europ\u00e4ische Kultursprache, zur griechischen Kultur geh\u00f6ren die Mythologie, Philosophie, die Anf\u00e4nge von methodischen Wissenschaften, die Wurzeln der \u201eDemokratie\u201c, bedeutende Theaterst\u00fccke, die allgemeine menschliche Probleme in gro\u00dfartiger Weise auf die B\u00fchne bringen, so dass sie auch heute noch gespielt werden&#8230;<br \/>\nGriechisch ist also kein Spezialfach, sondern ein Universalfach!<\/p>\n<\/div><\/div><\/div><\/div><\/div><div class=\"w-tabs-section\" id=\"a3e5\"><button class=\"w-tabs-section-header\" aria-controls=\"content-a3e5\" aria-expanded=\"false\"><div class=\"w-tabs-section-title\">Aber die Sprache ist doch bestimmt schwer?<\/div><div class=\"w-tabs-section-control\"><\/div><\/button><div  class=\"w-tabs-section-content\" id=\"content-a3e5\"><div class=\"w-tabs-section-content-h i-cf\"><div class=\"wpb_text_column\"><div class=\"wpb_wrapper\"><p>Das \u0391 und \u03a9 ist nat\u00fcrlich das Alphabet. Das lernst Du spielend und viele W\u00f6rter sind Dir, wie du schon gesehen hast, als Fremdw\u00f6rter bekannt. Viele andere W\u00f6rter kannst Du ableiten. Im \u00dcbrigen ist Griechisch genauso \u201eschwer \u201c oder \u201eleicht\u201c wie jedes andere Gymnasialfach.<br \/>\nIm Griechischunterricht lernst Du auch BASICS f\u00fcr das heutige Neugriechisch.<br \/>\nNeugierig geworden?<br \/>\nDann bist Du ja ein echter Grieche!<\/p>\n<p>\u03b1 \u03b2 \u03b3 \u03b4 \u03b5 \u03b6 \u03b7 \u03b8 \u03b9 \u03ba \u03bb \u03bc \u03bd \u03be \u03bf \u03c0 \u03c1 \u03c3 \u03c4 \u03c5 \u03c6 \u03c7 \u03c8 \u03c9<\/p>\n<\/div><\/div><\/div><\/div><\/div><div class=\"w-tabs-section\" id=\"u8b6\"><button class=\"w-tabs-section-header\" aria-controls=\"content-u8b6\" aria-expanded=\"false\"><div class=\"w-tabs-section-title\">Curricula<\/div><div class=\"w-tabs-section-control\"><\/div><\/button><div  class=\"w-tabs-section-content\" id=\"content-u8b6\"><div class=\"w-tabs-section-content-h i-cf\"><div class=\"wpb_text_column\"><div class=\"wpb_wrapper\"><p>Der Unterricht erfolgt gem\u00e4\u00df der Kerncurricula des Landes Niedersachsen:<\/p>\n<\/div><\/div><div class=\"wpb_text_column\"><div class=\"wpb_wrapper\"><\/div><\/div><div class=\"w-btn-wrapper align_none\"><a class=\"w-btn us-btn-style_1 icon_atleft\" title=\"https:\/\/cuvo.nibis.de\/cuvo.php?p=download&amp;upload=279\" href=\"https:\/\/cuvo.nibis.de\/cuvo.php?p=download&amp;upload=326\"><i class=\"fas fa-file-pdf\"><\/i><span class=\"w-btn-label\">Kerncurriculum Griechisch Sekundarstufe I (Jg. 6-10) mit pandemiebedingten Hinweisen und Priorisierungen<\/span><\/a><\/div><div class=\"w-btn-wrapper align_none\"><a class=\"w-btn us-btn-style_1 icon_atleft\" href=\"https:\/\/cuvo.nibis.de\/cuvo.php?p=download&amp;upload=195\"><i class=\"fas fa-file-pdf\"><\/i><span class=\"w-btn-label\">Kerncurriculum Griechisch Sekundarstufe I (Jg. 6-10)<\/span><\/a><\/div><div class=\"w-btn-wrapper align_none\"><a class=\"w-btn us-btn-style_1 icon_atleft\" href=\"https:\/\/cuvo.nibis.de\/cuvo.php?p=download&amp;upload=117\"><i class=\"fas fa-file-pdf\"><\/i><span class=\"w-btn-label\">Kerncurriculum Griechisch Sekundarstufe II (Jg. 11-13)<\/span><\/a><\/div><\/div><\/div><\/div><div class=\"w-tabs-section\" id=\"i98f\"><button class=\"w-tabs-section-header\" aria-controls=\"content-i98f\" aria-expanded=\"false\"><div class=\"w-tabs-section-title\">Wettbewerbe<\/div><div class=\"w-tabs-section-control\"><\/div><\/button><div  class=\"w-tabs-section-content\" id=\"content-i98f\"><div class=\"w-tabs-section-content-h i-cf\"><div class=\"wpb_text_column\"><div class=\"wpb_wrapper\"><p>Die Teilnahme am Bundeswettbewerb Fremdsprachen ist auch f\u00fcr das Fach Griechisch m\u00f6glich und wird von den Fachlehrkr\u00e4ften (Kau, Mk, Vs) unterst\u00fctzt.<\/p>\n<\/div><\/div><\/div><\/div><\/div><\/div><\/div><\/div><\/div><\/div><\/div><\/div><\/section>\n","protected":false},"excerpt":{"rendered":"Das Johanneum ist eines der wenigen Gymnasien in Niedersachsen, an welchem die Sch\u00fclerinnen und Sch\u00fcler noch Griechisch lernen k\u00f6nnen. als 3. Fremdsprache (wahlfrei) 3-st\u00fcndig in den Jahrg\u00e4ngen 8 bis 12 (w\u00e4hlbar am Ende von Klasse 7) Unterricht durchg\u00e4ngig in beiden Halbjahren (nicht-epochal) Oberstufe: Griechisch wird bis einschlie\u00dflich Jahrgang 12 unterrichtet. Bei erfolgreicher Unterrichtsteilnahme (mindestens 5...","protected":false},"author":1,"featured_media":0,"parent":0,"menu_order":0,"comment_status":"closed","ping_status":"closed","template":"","meta":{"footnotes":""},"class_list":["post-9999","page","type-page","status-publish","hentry"],"_links":{"self":[{"href":"https:\/\/johanneum-lueneburg.de\/wordpress\/wp-json\/wp\/v2\/pages\/9999","targetHints":{"allow":["GET"]}}],"collection":[{"href":"https:\/\/johanneum-lueneburg.de\/wordpress\/wp-json\/wp\/v2\/pages"}],"about":[{"href":"https:\/\/johanneum-lueneburg.de\/wordpress\/wp-json\/wp\/v2\/types\/page"}],"author":[{"embeddable":true,"href":"https:\/\/johanneum-lueneburg.de\/wordpress\/wp-json\/wp\/v2\/users\/1"}],"replies":[{"embeddable":true,"href":"https:\/\/johanneum-lueneburg.de\/wordpress\/wp-json\/wp\/v2\/comments?post=9999"}],"version-history":[{"count":9,"href":"https:\/\/johanneum-lueneburg.de\/wordpress\/wp-json\/wp\/v2\/pages\/9999\/revisions"}],"predecessor-version":[{"id":10753,"href":"https:\/\/johanneum-lueneburg.de\/wordpress\/wp-json\/wp\/v2\/pages\/9999\/revisions\/10753"}],"wp:attachment":[{"href":"https:\/\/johanneum-lueneburg.de\/wordpress\/wp-json\/wp\/v2\/media?parent=9999"}],"curies":[{"name":"wp","href":"https:\/\/api.w.org\/{rel}","templated":true}]}}