{"id":9194,"date":"2022-05-07T21:19:50","date_gmt":"2022-05-07T19:19:50","guid":{"rendered":"https:\/\/johanneum-lueneburg.de\/wordpress\/?page_id=9194"},"modified":"2022-05-07T21:22:01","modified_gmt":"2022-05-07T19:22:01","slug":"schulprogramm","status":"publish","type":"page","link":"https:\/\/johanneum-lueneburg.de\/wordpress\/schulprogramm\/","title":{"rendered":"Schulprogramm"},"content":{"rendered":"<section class=\"l-section wpb_row height_auto\"><div class=\"l-section-h i-cf\"><div class=\"g-cols vc_row via_flex valign_top type_default stacking_default\"><div class=\"vc_col-sm-12 wpb_column vc_column_container\"><div class=\"vc_column-inner\"><div class=\"wpb_wrapper\"><div class=\"wpb_text_column\"><div class=\"wpb_wrapper\"><h2><strong>Leitbild des Johanneums<\/strong><\/h2>\n<p id=\"teaser\" class=\"tiny_p\"><strong>Im Leitbild des Johanneums werden die Grundideen formuliert, nach denen sich die Schule in ihrer Erziehungsarbeit ausrichten will. Dabei sind die einzelnen Leits\u00e4tze bewusst kurz und pr\u00e4gnant formuliert, um die p\u00e4dagogische Grundorientierung einpr\u00e4gsam nach innen wie nach au\u00dfen zu vermitteln.<\/strong><\/p>\n<h3><strong>A &#8211; Pr\u00e4ambel<\/strong><\/h3>\n<p class=\"tiny_p\" align=\"left\">Unsere Schule will junge Menschen auf die Anforderungen der Zukunft vorbereiten.<\/p>\n<p class=\"tiny_p\" align=\"left\">Es ist besonders notwendig, dass unsere Sch\u00fcler lernen, Verantwortung f\u00fcr sich und das Gemeinwesen zu \u00fcbernehmen, um ihre individuellen Entwicklungsm\u00f6glichkeiten wahrzunehmen, sich\u00a0<a title=\"Zielvereinbarung 5-6 (\u00f6ffnet neues Fenster)\" href=\"http:\/\/daten2.verwaltungsportal.de\/dateien\/seitengenerator\/zielvereinbarung_johanneum_56.pdf\" target=\"_blank\" rel=\"noopener\">Ziele<\/a>\u00a0zu setzen und diese zu\u00a0<a title=\"Zielvereinbarung 7-9 (\u00f6ffnet neues Fenster)\" href=\"http:\/\/daten2.verwaltungsportal.de\/dateien\/seitengenerator\/zielvereinbarung_johanneum_79.pdf\" target=\"_blank\" rel=\"noopener\">verwirklichen<\/a>\u00a0sowie den gesellschaftlichen Herausforderungen gewachsen zu sein.<\/p>\n<p class=\"tiny_p\" align=\"left\">Diese Herausforderungen erkennen wir in den Chancen und Risiken des sozialen Individualisierungsprozesses einerseits und der technisch-wirtschaftlichen Entwicklung andererseits sowie in der Gef\u00e4hrdung unserer Umwelt.<\/p>\n<p class=\"tiny_p\" align=\"left\">Der Wahlspruch unseres traditionsreichen Gymnasiums\u00a0<strong><em>&#8222;doctrinae, virtuti, humanitati&#8220;<\/em><\/strong>\u00a0bleibt in zeitgem\u00e4\u00dfer Auspr\u00e4gung und Schwerpunktsetzung das Fundament unseres Denkens und Handelns: f\u00fcr eine fachliche Ausbildung, f\u00fcr die Entwicklung der F\u00e4higkeit zur demokratischen Teilhabe und Teilnahme, f\u00fcr eine Bildung des ganzen Menschen.<\/p>\n<p class=\"tiny_p\" align=\"left\">Wir orientieren uns an einem Menschenbild, das der christlichen und humanistischen Tradition entstammt.<\/p>\n<p class=\"tiny_p\" align=\"left\">Dieses Leitbild nennt verbindliche Kriterien und Perspektiven f\u00fcr die Qualit\u00e4t der gemeinsamen Arbeit von Sch\u00fcler-, Lehrer- und Elternschaft.<\/p>\n<h3><strong>B &#8211; Leits\u00e4tze<\/strong><\/h3>\n<h4 class=\"tiny_p\" align=\"left\"><strong>1. Wir verstehen unsere Schule als ein Gemeinwesen im Kleinen<\/strong>.<\/h4>\n<p class=\"tiny_p\" align=\"left\">Wir f\u00f6rdern Mitmenschlichkeit und Toleranz durch:<\/p>\n<div align=\"left\">\n<ul>\n<li>Wertsch\u00e4tzung des jeweils Anderen in seiner Eigenart<\/li>\n<li>h\u00f6flichen und r\u00fccksichtsvollen Umgang miteinander<\/li>\n<li>Vereinbaren und Einhalten gemeinsamer Regeln<\/li>\n<li>schonenden Umgang mit Dingen und Einrichtungen<\/li>\n<\/ul>\n<p>Verantwortung gegen\u00fcber der Natur streben wir durch umweltbedachtes Verhalten an.<\/p>\n<\/div>\n<p class=\"tiny_p\" align=\"left\">Die M\u00f6glichkeiten der Mitbestimmung, Entscheidungsfindung und Mitgestaltung an unserer Schule wollen wir erweitern.<\/p>\n<h4 class=\"tiny_p\" align=\"left\"><strong>2. Wir sichern und verbessern die Qualit\u00e4t des Unterrichts.<\/strong><\/h4>\n<p class=\"tiny_p\" align=\"left\">Dies geschieht \u2013 unter deutlicher Orientierung an den Herausforderungen der Zukunft \u2013 durch:<\/p>\n<div align=\"left\">\n<ul>\n<li>ein inhaltlich vielf\u00e4ltiges und anspruchsvolles Unterrichtsangebot, das die Erfahrungswelt der Sch\u00fcler einbezieht;<\/li>\n<li>Entwickeln und Erproben neuer Formen des gemeinschaftlichen Lehrens und Lernens;<\/li>\n<li>Ber\u00fccksichtigung der individuellen Lernvoraussetzungen;<\/li>\n<li>Vermittlung von Methoden f\u00fcr das selbstst\u00e4ndige und lebenslange Lernen.<\/li>\n<\/ul>\n<p>Wir reflektieren und evaluieren regelm\u00e4\u00dfig unseren Unterricht. Besonderen Wert legen wir auf schulinterne Fort- und Weiterbildungsma\u00dfnahmen.<\/p>\n<\/div>\n<h4 class=\"tiny_p\" align=\"left\"><strong>3. Wir f\u00f6rdern eine Gemeinschaft, die jedem Einzelnen zu eigener St\u00e4rke verhilft.<\/strong><\/h4>\n<p class=\"tiny_p\" align=\"left\">Dies wollen wir erreichen, indem wir:<\/p>\n<div align=\"left\">\n<ul>\n<li>uns gegenseitig ermutigen und wertsch\u00e4tzen;<\/li>\n<li>Verantwortung \u00fcbernehmen und fordern;<\/li>\n<li>Kritik \u00fcben und aushalten;<\/li>\n<li>Anstrengungsbereitschaft und Durchhalteverm\u00f6gen erweitern;<\/li>\n<li>bewusst machen, dass sich eine an Zielen ausgerichtete Grundeinstellung zur Schule positiv auf das Lernverhalten der Sch\u00fcler auswirkt.<\/li>\n<\/ul>\n<\/div>\n<\/div><\/div><\/div><\/div><\/div><\/div><\/div><\/section>\n","protected":false},"excerpt":{"rendered":"Leitbild des Johanneums Im Leitbild des Johanneums werden die Grundideen formuliert, nach denen sich die Schule in ihrer Erziehungsarbeit ausrichten will. Dabei sind die einzelnen Leits\u00e4tze bewusst kurz und pr\u00e4gnant formuliert, um die p\u00e4dagogische Grundorientierung einpr\u00e4gsam nach innen wie nach au\u00dfen zu vermitteln. A &#8211; Pr\u00e4ambel Unsere Schule will junge Menschen auf die Anforderungen der...","protected":false},"author":2,"featured_media":0,"parent":0,"menu_order":0,"comment_status":"closed","ping_status":"closed","template":"","meta":{"footnotes":""},"class_list":["post-9194","page","type-page","status-publish","hentry"],"_links":{"self":[{"href":"https:\/\/johanneum-lueneburg.de\/wordpress\/wp-json\/wp\/v2\/pages\/9194","targetHints":{"allow":["GET"]}}],"collection":[{"href":"https:\/\/johanneum-lueneburg.de\/wordpress\/wp-json\/wp\/v2\/pages"}],"about":[{"href":"https:\/\/johanneum-lueneburg.de\/wordpress\/wp-json\/wp\/v2\/types\/page"}],"author":[{"embeddable":true,"href":"https:\/\/johanneum-lueneburg.de\/wordpress\/wp-json\/wp\/v2\/users\/2"}],"replies":[{"embeddable":true,"href":"https:\/\/johanneum-lueneburg.de\/wordpress\/wp-json\/wp\/v2\/comments?post=9194"}],"version-history":[{"count":4,"href":"https:\/\/johanneum-lueneburg.de\/wordpress\/wp-json\/wp\/v2\/pages\/9194\/revisions"}],"predecessor-version":[{"id":9198,"href":"https:\/\/johanneum-lueneburg.de\/wordpress\/wp-json\/wp\/v2\/pages\/9194\/revisions\/9198"}],"wp:attachment":[{"href":"https:\/\/johanneum-lueneburg.de\/wordpress\/wp-json\/wp\/v2\/media?parent=9194"}],"curies":[{"name":"wp","href":"https:\/\/api.w.org\/{rel}","templated":true}]}}