{"id":9165,"date":"2022-05-06T19:11:41","date_gmt":"2022-05-06T17:11:41","guid":{"rendered":"https:\/\/johanneum-lueneburg.de\/wordpress\/?page_id=9165"},"modified":"2024-01-17T19:41:37","modified_gmt":"2024-01-17T18:41:37","slug":"ehemalige","status":"publish","type":"page","link":"https:\/\/johanneum-lueneburg.de\/wordpress\/ehemalige\/","title":{"rendered":"Ehemalige"},"content":{"rendered":"<section class=\"l-section wpb_row height_auto\"><div class=\"l-section-h i-cf\"><div class=\"g-cols vc_row via_flex valign_top type_default stacking_default\"><div class=\"vc_col-sm-12 wpb_column vc_column_container\"><div class=\"vc_column-inner\"><div class=\"wpb_wrapper\"><div class=\"wpb_text_column\"><div class=\"wpb_wrapper\"><p>Liebe ehemalige Johanniter,<\/p>\n<p>wir wollen Euch nicht nur Jahr f\u00fcr Jahr beim Abi-Sektempfang verabschieden, wir wollen Euch auch wiedersehen!<\/p>\n<p>Der F\u00f6rderverein, ausf\u00fchrlich die Vereinigung der Ehemaligen, der Freunde und F\u00f6rderer des Johanneums zu L\u00fcneburg e.V., richtet daher ein regelm\u00e4\u00dfiges Ehemaligentreffen aus:<\/p>\n<p>Es findet immer<\/p>\n<p style=\"text-align: center;\"><strong>am 27.12. in der Zeit von 18:00 bis 20:00 Uhr<\/strong><\/p>\n<p style=\"text-align: center;\"><strong>im<\/strong><\/p>\n<p style=\"text-align: center;\"><strong>Johanneum L\u00fcneburg<\/strong><br \/>\n<strong>Theodor-Heuss-Str. 1<\/strong><br \/>\n<strong>21337 L\u00fcneburg<\/strong><\/p>\n<p>statt.<\/p>\n<p>Wir m\u00f6chten mit diesem Treffen allen Ehemaligen eine einfache M\u00f6glichkeit geben, in Kontakt zu bleiben oder auch wieder Kontakt aufzunehmen. Da viele Ehemalige um Weihnachten herum nach L\u00fcneburg zur\u00fcckkommen, bietet sich dieser feste Termin &#8222;zwischen den Jahren&#8220; f\u00fcr ein zwangloses Treffen mit Ehemaligen, Mitsch\u00fclern sowie Lehrern an.<\/p>\n<p>Besonders eingeladen sind alle Johanniter deren &#8222;rundes&#8220; Abi-Jubil\u00e4um bevorsteht: Der Termin eignet sich auch daf\u00fcr, um f\u00fcr das kommende Jahr eine geb\u00fchrende Feier der Klasse oder des Jahrgangs vorzubereiten!<\/p>\n<p>Wer an der Teilnahme am Ehemaligentreffen interessiert ist, schicke uns doch bitte eine kurze Nachricht \u00fcber das Kontaktformular der Homepage des Johanneums oder eine Email an <a href=\"&#109;&#x61;&#105;&#x6c;t&#x6f;:&#101;&#x68;&#101;&#x6d;&#97;&#x6c;i&#x67;e&#64;&#x6a;&#111;&#x68;a&#x6e;n&#x65;&#x75;&#109;&#x2d;&#108;&#x67;&#46;&#x64;e\">&#x65;&#x68;&#101;m&#x61;&#x6c;&#105;ge&#x40;&#x6a;&#111;h&#x61;&#x6e;&#110;&#101;u&#x6d;&#x2d;&#108;g&#x2e;&#x64;&#101;<\/a><\/p>\n<p>Ladet bitte auch alle anderen Ehemaligen ein, die Ihr kennt!<\/p>\n<p>Wir freuen uns auf Euer zahlreiches Erscheinen!<\/p>\n<p>Herzliche Gr\u00fc\u00dfe<\/p>\n<p>Karsten Hofmann (Abi-Jahrgang 1976)<br \/>\n<em>1. Vorsitzender<\/em><br \/>\n<em>Vereinigung der Ehemaligen, der Freunde und F\u00f6rderer des Johanneums e. V.<\/em><\/p>\n<\/div><\/div><\/div><\/div><\/div><\/div><\/div><\/section>\n","protected":false},"excerpt":{"rendered":"Liebe ehemalige Johanniter, wir wollen Euch nicht nur Jahr f\u00fcr Jahr beim Abi-Sektempfang verabschieden, wir wollen Euch auch wiedersehen! Der F\u00f6rderverein, ausf\u00fchrlich die Vereinigung der Ehemaligen, der Freunde und F\u00f6rderer des Johanneums zu L\u00fcneburg e.V., richtet daher ein regelm\u00e4\u00dfiges Ehemaligentreffen aus: Es findet immer am 27.12. in der Zeit von 18:00 bis 20:00 Uhr im...","protected":false},"author":2,"featured_media":0,"parent":0,"menu_order":0,"comment_status":"closed","ping_status":"closed","template":"","meta":{"footnotes":""},"class_list":["post-9165","page","type-page","status-publish","hentry"],"_links":{"self":[{"href":"https:\/\/johanneum-lueneburg.de\/wordpress\/wp-json\/wp\/v2\/pages\/9165","targetHints":{"allow":["GET"]}}],"collection":[{"href":"https:\/\/johanneum-lueneburg.de\/wordpress\/wp-json\/wp\/v2\/pages"}],"about":[{"href":"https:\/\/johanneum-lueneburg.de\/wordpress\/wp-json\/wp\/v2\/types\/page"}],"author":[{"embeddable":true,"href":"https:\/\/johanneum-lueneburg.de\/wordpress\/wp-json\/wp\/v2\/users\/2"}],"replies":[{"embeddable":true,"href":"https:\/\/johanneum-lueneburg.de\/wordpress\/wp-json\/wp\/v2\/comments?post=9165"}],"version-history":[{"count":4,"href":"https:\/\/johanneum-lueneburg.de\/wordpress\/wp-json\/wp\/v2\/pages\/9165\/revisions"}],"predecessor-version":[{"id":16869,"href":"https:\/\/johanneum-lueneburg.de\/wordpress\/wp-json\/wp\/v2\/pages\/9165\/revisions\/16869"}],"wp:attachment":[{"href":"https:\/\/johanneum-lueneburg.de\/wordpress\/wp-json\/wp\/v2\/media?parent=9165"}],"curies":[{"name":"wp","href":"https:\/\/api.w.org\/{rel}","templated":true}]}}