{"id":9098,"date":"2022-04-28T15:22:29","date_gmt":"2022-04-28T13:22:29","guid":{"rendered":"https:\/\/johanneum-lueneburg.de\/wordpress\/?page_id=9098"},"modified":"2025-06-12T15:59:18","modified_gmt":"2025-06-12T13:59:18","slug":"lernmittelausleihe","status":"publish","type":"page","link":"https:\/\/johanneum-lueneburg.de\/wordpress\/lernmittelausleihe\/","title":{"rendered":"Lernmittelausleihe"},"content":{"rendered":"<section class=\"l-section wpb_row height_auto\"><div class=\"l-section-h i-cf\"><div class=\"g-cols vc_row via_flex valign_top type_default stacking_default\"><div class=\"vc_col-sm-12 wpb_column vc_column_container\"><div class=\"vc_column-inner\"><div class=\"wpb_wrapper\"><div class=\"wpb_text_column\"><div class=\"wpb_wrapper\"><p class=\"tiny_p\">Liebe Eltern,<br \/>\ndie ben\u00f6tigten Schulb\u00fccher k\u00f6nnen an unserer Schule gegen Entgelt ausgeliehen werden. Die Anmeldung zur<br \/>\nSchulbuchausleihe erfolgt online \u00fcber das Anmeldeportal des IServ-Moduls \u201eSchulbuchausleihe\u201c. Beachten Sie bitte die folgenden Dokumente mit weiteren Hinweisen zur Anmeldung.<\/p>\n<p>Eine Anleitung zur Anmeldung findet sich hier: <a href=\"https:\/\/johanneum-lueneburg.de\/wordpress\/wp-content\/uploads\/2025\/05\/Anleitung_Anmeldung_SBA_2025_26_ISERV-Johanneum.pdf\" target=\"_blank\" rel=\"noopener\">Dokument Anleitung<\/a><\/p>\n<p>Leihbedingungen finden sich hier: <a href=\"https:\/\/johanneum-lueneburg.de\/wordpress\/wp-content\/uploads\/2025\/05\/LeihbedingungenSBA_Johanneum.pdf\" target=\"_blank\" rel=\"noopener\">Dokument Leihbedingungen<\/a><\/p>\n<p>Die Schulbuchlisten sind nach Jahrg\u00e4ngen sortiert unten abrufbar.<\/p>\n<\/div><\/div><div class=\"w-separator size_small\"><\/div><\/div><\/div><\/div><\/div><\/div><\/section><section class=\"l-section wpb_row height_auto\"><div class=\"l-section-h i-cf\"><div class=\"g-cols vc_row via_flex valign_top type_default stacking_default\"><div class=\"vc_col-sm-12 wpb_column vc_column_container\"><div class=\"vc_column-inner\"><div class=\"wpb_wrapper\"><div class=\"w-tabs style_default switch_click accordion has_scrolling\" style=\"--sections-title-size:inherit\"><div class=\"w-tabs-sections titles-align_none icon_chevron cpos_right\"><div class=\"w-tabs-section\" id=\"y119\"><button class=\"w-tabs-section-header\" aria-controls=\"content-y119\" aria-expanded=\"false\"><div class=\"w-tabs-section-title\">Klasse 5<\/div><div class=\"w-tabs-section-control\"><\/div><\/button><div  class=\"w-tabs-section-content\" id=\"content-y119\"><div class=\"w-tabs-section-content-h i-cf\"><div class=\"w-btn-wrapper align_none\"><a class=\"w-btn us-btn-style_1\" target=\"_blank\" href=\"https:\/\/johanneum-lueneburg.de\/wordpress\/wp-content\/uploads\/2025\/05\/SBL_5_2025_26.pdf\"><span class=\"w-btn-label\">B\u00fccherliste<\/span><\/a><\/div><div class=\"w-btn-wrapper align_none\"><a class=\"w-btn us-btn-style_1\" target=\"_blank\" href=\"https:\/\/johanneum-lueneburg.de\/wordpress\/wp-content\/uploads\/2025\/06\/Schr-an-Eltern-zuk-5-Lernmittelausleihe11.06.25.pdf\"><span class=\"w-btn-label\">Elternschreiben zur B\u00fccherausleihe<\/span><\/a><\/div><\/div><\/div><\/div><div class=\"w-tabs-section\" id=\"r27f\"><button class=\"w-tabs-section-header\" aria-controls=\"content-r27f\" aria-expanded=\"false\"><div class=\"w-tabs-section-title\">Klasse 6<\/div><div class=\"w-tabs-section-control\"><\/div><\/button><div  class=\"w-tabs-section-content\" id=\"content-r27f\"><div class=\"w-tabs-section-content-h i-cf\"><div class=\"w-btn-wrapper align_none\"><a class=\"w-btn us-btn-style_1\" target=\"_blank\" href=\"https:\/\/johanneum-lueneburg.de\/wordpress\/wp-content\/uploads\/2025\/05\/SBL_6_2025_26.pdf\"><span class=\"w-btn-label\">B\u00fccherliste<\/span><\/a><\/div><div class=\"w-btn-wrapper align_none\"><a class=\"w-btn us-btn-style_1\" target=\"_blank\" href=\"https:\/\/johanneum-lueneburg.de\/wordpress\/wp-content\/uploads\/2025\/05\/Schr-an-Eltern-5-10-Lernmittelausleihe20.05.25.pdf\"><span class=\"w-btn-label\">Allgemeine Infos zur B\u00fccherausleihe<\/span><\/a><\/div><\/div><\/div><\/div><div class=\"w-tabs-section\" id=\"e3e4\"><button class=\"w-tabs-section-header\" aria-controls=\"content-e3e4\" aria-expanded=\"false\"><div class=\"w-tabs-section-title\">Klasse 7<\/div><div class=\"w-tabs-section-control\"><\/div><\/button><div  class=\"w-tabs-section-content\" id=\"content-e3e4\"><div class=\"w-tabs-section-content-h i-cf\"><div class=\"w-btn-wrapper align_none\"><a class=\"w-btn us-btn-style_1\" target=\"_blank\" href=\"https:\/\/johanneum-lueneburg.de\/wordpress\/wp-content\/uploads\/2025\/05\/SBL_7_2025_26.pdf\"><span class=\"w-btn-label\">B\u00fccherliste<\/span><\/a><\/div><div class=\"w-btn-wrapper align_none\"><a class=\"w-btn us-btn-style_1\" target=\"_blank\" href=\"https:\/\/johanneum-lueneburg.de\/wordpress\/wp-content\/uploads\/2025\/05\/Schr-an-Eltern-5-10-Lernmittelausleihe20.05.25.pdf\"><span class=\"w-btn-label\">Allgemeine Infos zur B\u00fccherausleihe<\/span><\/a><\/div><\/div><\/div><\/div><div class=\"w-tabs-section\" id=\"n5ee\"><button class=\"w-tabs-section-header\" aria-controls=\"content-n5ee\" aria-expanded=\"false\"><div class=\"w-tabs-section-title\">Klasse 8<\/div><div class=\"w-tabs-section-control\"><\/div><\/button><div  class=\"w-tabs-section-content\" id=\"content-n5ee\"><div class=\"w-tabs-section-content-h i-cf\"><div class=\"w-btn-wrapper align_none\"><a class=\"w-btn us-btn-style_1\" target=\"_blank\" href=\"https:\/\/johanneum-lueneburg.de\/wordpress\/wp-content\/uploads\/2025\/05\/SBL_8_2025_26.pdf\"><span class=\"w-btn-label\">B\u00fccherliste<\/span><\/a><\/div><div class=\"w-btn-wrapper align_none\"><a class=\"w-btn us-btn-style_1\" target=\"_blank\" href=\"https:\/\/johanneum-lueneburg.de\/wordpress\/wp-content\/uploads\/2025\/05\/Schr-an-Eltern-5-10-Lernmittelausleihe20.05.25.pdf\"><span class=\"w-btn-label\">Allgemeine Infos zur B\u00fccherausleihe<\/span><\/a><\/div><\/div><\/div><\/div><div class=\"w-tabs-section\" id=\"y7a7\"><button class=\"w-tabs-section-header\" aria-controls=\"content-y7a7\" aria-expanded=\"false\"><div class=\"w-tabs-section-title\">Klasse 9<\/div><div class=\"w-tabs-section-control\"><\/div><\/button><div  class=\"w-tabs-section-content\" id=\"content-y7a7\"><div class=\"w-tabs-section-content-h i-cf\"><div class=\"w-btn-wrapper align_none\"><a class=\"w-btn us-btn-style_1\" target=\"_blank\" href=\"https:\/\/johanneum-lueneburg.de\/wordpress\/wp-content\/uploads\/2025\/05\/SBL_9_2025_26.pdf\"><span class=\"w-btn-label\">B\u00fccherliste<\/span><\/a><\/div><div class=\"w-btn-wrapper align_none\"><a class=\"w-btn us-btn-style_1\" target=\"_blank\" href=\"https:\/\/johanneum-lueneburg.de\/wordpress\/wp-content\/uploads\/2025\/05\/Schr-an-Eltern-5-10-Lernmittelausleihe20.05.25.pdf\"><span class=\"w-btn-label\">Allgemeine Infos zur B\u00fccherausleihe<\/span><\/a><\/div><\/div><\/div><\/div><div class=\"w-tabs-section\" id=\"l8eb\"><button class=\"w-tabs-section-header\" aria-controls=\"content-l8eb\" aria-expanded=\"false\"><div class=\"w-tabs-section-title\">Klasse 10<\/div><div class=\"w-tabs-section-control\"><\/div><\/button><div  class=\"w-tabs-section-content\" id=\"content-l8eb\"><div class=\"w-tabs-section-content-h i-cf\"><div class=\"w-btn-wrapper align_none\"><a class=\"w-btn us-btn-style_1\" target=\"_blank\" href=\"https:\/\/johanneum-lueneburg.de\/wordpress\/wp-content\/uploads\/2025\/05\/SBL_10_2025_26.pdf\"><span class=\"w-btn-label\">B\u00fccherliste<\/span><\/a><\/div><div class=\"w-btn-wrapper align_none\"><a class=\"w-btn us-btn-style_1\" target=\"_blank\" href=\"https:\/\/johanneum-lueneburg.de\/wordpress\/wp-content\/uploads\/2025\/05\/Schr-an-Eltern-5-10-Lernmittelausleihe20.05.25.pdf\"><span class=\"w-btn-label\">Allgemeine Infos zur B\u00fccherausleihe<\/span><\/a><\/div><\/div><\/div><\/div><div class=\"w-tabs-section\" id=\"aa2f\"><button class=\"w-tabs-section-header\" aria-controls=\"content-aa2f\" aria-expanded=\"false\"><div class=\"w-tabs-section-title\">Klasse 11<\/div><div class=\"w-tabs-section-control\"><\/div><\/button><div  class=\"w-tabs-section-content\" id=\"content-aa2f\"><div class=\"w-tabs-section-content-h i-cf\"><div class=\"w-btn-wrapper align_none\"><a class=\"w-btn us-btn-style_1\" target=\"_blank\" href=\"https:\/\/johanneum-lueneburg.de\/wordpress\/wp-content\/uploads\/2025\/05\/SBL_11_2025_26.pdf\"><span class=\"w-btn-label\">B\u00fccherliste<\/span><\/a><\/div><div class=\"w-btn-wrapper align_none\"><a class=\"w-btn us-btn-style_1\" target=\"_blank\" href=\"https:\/\/johanneum-lueneburg.de\/wordpress\/wp-content\/uploads\/2025\/05\/Schr-an-Eltern-11-12-Lernmittelausleihe20.05.25.pdf\"><span class=\"w-btn-label\">Allgemeine Infos zur B\u00fccherausleihe<\/span><\/a><\/div><\/div><\/div><\/div><div class=\"w-tabs-section\" id=\"zba6\"><button class=\"w-tabs-section-header\" aria-controls=\"content-zba6\" aria-expanded=\"false\"><div class=\"w-tabs-section-title\">Klasse 12\/13 (Kursstufe)<\/div><div class=\"w-tabs-section-control\"><\/div><\/button><div  class=\"w-tabs-section-content\" id=\"content-zba6\"><div class=\"w-tabs-section-content-h i-cf\"><div class=\"w-btn-wrapper align_none\"><a class=\"w-btn us-btn-style_1\" target=\"_blank\" href=\"https:\/\/johanneum-lueneburg.de\/wordpress\/wp-content\/uploads\/2025\/05\/SBL_12-13_2025_26.pdf\"><span class=\"w-btn-label\">B\u00fccherliste<\/span><\/a><\/div><div class=\"w-btn-wrapper align_none\"><a class=\"w-btn us-btn-style_1\" target=\"_blank\" href=\"https:\/\/johanneum-lueneburg.de\/wordpress\/wp-content\/uploads\/2025\/05\/Schr-an-Eltern-11-12-Lernmittelausleihe20.05.25.pdf\"><span class=\"w-btn-label\">Allgemeine Infos zur B\u00fccherausleihe<\/span><\/a><\/div><\/div><\/div><\/div><\/div><\/div><\/div><\/div><\/div><\/div><\/div><\/section>\n","protected":false},"excerpt":{"rendered":"Liebe Eltern, die ben\u00f6tigten Schulb\u00fccher k\u00f6nnen an unserer Schule gegen Entgelt ausgeliehen werden. Die Anmeldung zur Schulbuchausleihe erfolgt online \u00fcber das Anmeldeportal des IServ-Moduls \u201eSchulbuchausleihe\u201c. Beachten Sie bitte die folgenden Dokumente mit weiteren Hinweisen zur Anmeldung. Eine Anleitung zur Anmeldung findet sich hier: Dokument Anleitung Leihbedingungen finden sich hier: Dokument Leihbedingungen Die Schulbuchlisten sind nach...","protected":false},"author":2,"featured_media":0,"parent":0,"menu_order":0,"comment_status":"closed","ping_status":"closed","template":"","meta":{"footnotes":""},"class_list":["post-9098","page","type-page","status-publish","hentry"],"_links":{"self":[{"href":"https:\/\/johanneum-lueneburg.de\/wordpress\/wp-json\/wp\/v2\/pages\/9098","targetHints":{"allow":["GET"]}}],"collection":[{"href":"https:\/\/johanneum-lueneburg.de\/wordpress\/wp-json\/wp\/v2\/pages"}],"about":[{"href":"https:\/\/johanneum-lueneburg.de\/wordpress\/wp-json\/wp\/v2\/types\/page"}],"author":[{"embeddable":true,"href":"https:\/\/johanneum-lueneburg.de\/wordpress\/wp-json\/wp\/v2\/users\/2"}],"replies":[{"embeddable":true,"href":"https:\/\/johanneum-lueneburg.de\/wordpress\/wp-json\/wp\/v2\/comments?post=9098"}],"version-history":[{"count":23,"href":"https:\/\/johanneum-lueneburg.de\/wordpress\/wp-json\/wp\/v2\/pages\/9098\/revisions"}],"predecessor-version":[{"id":23233,"href":"https:\/\/johanneum-lueneburg.de\/wordpress\/wp-json\/wp\/v2\/pages\/9098\/revisions\/23233"}],"wp:attachment":[{"href":"https:\/\/johanneum-lueneburg.de\/wordpress\/wp-json\/wp\/v2\/media?parent=9098"}],"curies":[{"name":"wp","href":"https:\/\/api.w.org\/{rel}","templated":true}]}}