{"id":460,"date":"2022-03-20T01:22:54","date_gmt":"2022-03-20T00:22:54","guid":{"rendered":"https:\/\/johanneum-lueneburg.de\/wordpress\/?page_id=460"},"modified":"2026-04-22T18:54:11","modified_gmt":"2026-04-22T16:54:11","slug":"mensa","status":"publish","type":"page","link":"https:\/\/johanneum-lueneburg.de\/wordpress\/mensa\/","title":{"rendered":"Mensa"},"content":{"rendered":"<section class=\"l-section wpb_row height_auto\"><div class=\"l-section-h i-cf\"><div class=\"g-cols vc_row via_flex valign_top type_default stacking_default\"><div class=\"vc_col-sm-12 wpb_column vc_column_container\"><div class=\"vc_column-inner\"><div class=\"wpb_wrapper\"><div class=\"g-cols wpb_row via_flex valign_top type_default stacking_default\"><div class=\"vc_col-sm-12 wpb_column vc_column_container\"><div class=\"vc_column-inner\"><div class=\"wpb_wrapper\"><div class=\"wpb_text_column\"><div class=\"wpb_wrapper\"><p>Speiseplan: <a href=\"https:\/\/www.vitello-catering.de\/kontakt\/impressum-dsgvo\/pl%C3%A4ne-mensa\/\" target=\"_blank\" rel=\"noopener\">hier bitte klicken (Homepage vom Anbieter Vitello Catering)<\/a><\/p>\n<p>Elternbrief: <a href=\"https:\/\/johanneum-lueneburg.de\/wordpress\/wp-content\/uploads\/2026\/04\/Informationen-zur-Mensa.pdf\" target=\"_blank\" rel=\"noopener\">hier bitte klicken (PDF)<\/a><\/p>\n<p>Umsetzung einer nussfreien Mensa und eines nussfreien Kiosks: <a href=\"https:\/\/johanneum-lueneburg.de\/wordpress\/wp-content\/uploads\/2025\/09\/Nussfreie-Mensa-Endversion-17.09.2025.pdf\" target=\"_blank\" rel=\"noopener\">bitte hier klicken (PDF)<\/a><\/p>\n<p>Snack-Angebot: <a href=\"https:\/\/johanneum-lueneburg.de\/wordpress\/wp-content\/uploads\/2026\/02\/Angbebotsliste-NUR-Kiosk-Homepage-Februar-2026.pdf\" target=\"_blank\" rel=\"noopener\">bitte hier klicken (PDF)<\/a><\/p>\n<\/div><\/div><\/div><\/div><\/div><\/div><div class=\"wpb_text_column\"><div class=\"wpb_wrapper\"><p>&nbsp;<\/p>\n<p>Die Mensa am Johanneum in L\u00fcneburg wird seit August 2019 durch Vitello-Kochkultur betrieben. Als L\u00fcneburger Caterer seit nunmehr fast 20 Jahren sind wir fest mit der Region verwurzelt und binden das hiesige Angebot bewusst in unser Mensakonzept ein. Damit halten wir die Lieferwege kurz, st\u00e4rken die heimische Wirtschaft und pflegen die Gesch\u00e4ftsbeziehungen mit lokalen Partnern und Unternehmen. Neben den <a href=\"https:\/\/www.vitello-catering.de\/kontakt\/impressum-dsgvo\/pl%C3%A4ne-mensa\/\" target=\"_blank\" rel=\"noopener\">t\u00e4glich wechselnden Angeboten<\/a> in der Mensa steht ab der ersten gro\u00dfen Pause <a href=\"https:\/\/johanneum-lueneburg.de\/wordpress\/wp-content\/uploads\/2026\/02\/Angbebotsliste-NUR-Kiosk-Homepage-Februar-2026.pdf\" target=\"_blank\" rel=\"noopener\">ein vielf\u00e4ltiges Snackangebot<\/a> im Kiosk zur Verf\u00fcgung.<\/p>\n<p>Ein Artikel mit vielen Einblicken \u00fcber unsere Mensa findet sich hier:<\/p>\n<blockquote class=\"wp-embedded-content\" data-secret=\"U6Q8P4NLaY\"><p><a href=\"https:\/\/johanneum-lueneburg.de\/wordpress\/2023\/11\/13\/mensa-mit-viel-herz\/\">Mensa mit viel Herz<\/a><\/p><\/blockquote>\n<p><iframe loading=\"lazy\" class=\"wp-embedded-content\" sandbox=\"allow-scripts\" security=\"restricted\" style=\"position: absolute; visibility: hidden;\" title=\"&#8222;Mensa mit viel Herz&#8220; &#8211; Gymnasium Johanneum L\u00fcneburg\" src=\"https:\/\/johanneum-lueneburg.de\/wordpress\/2023\/11\/13\/mensa-mit-viel-herz\/embed\/#?secret=rmLNm4Zw0i#?secret=U6Q8P4NLaY\" data-secret=\"U6Q8P4NLaY\" width=\"600\" height=\"338\" frameborder=\"0\" marginwidth=\"0\" marginheight=\"0\" scrolling=\"no\"><\/iframe><\/p>\n<\/div><\/div><div class=\"w-separator size_small\"><\/div><\/div><\/div><\/div><\/div><\/div><\/section><section class=\"l-section wpb_row height_auto\"><div class=\"l-section-h i-cf\"><div class=\"g-cols vc_row via_flex valign_top type_default stacking_default\"><div class=\"vc_col-sm-12 wpb_column vc_column_container\"><div class=\"vc_column-inner\"><div class=\"wpb_wrapper\"><div class=\"w-tabs style_default switch_click accordion has_scrolling\" style=\"--sections-title-size:inherit\"><div class=\"w-tabs-sections titles-align_none icon_chevron cpos_right\"><div class=\"w-tabs-section\" id=\"w5b1\"><button class=\"w-tabs-section-header\" aria-controls=\"content-w5b1\" aria-expanded=\"false\"><div class=\"w-tabs-section-title\">Wie zahle ich das Essen?<\/div><div class=\"w-tabs-section-control\"><\/div><\/button><div  class=\"w-tabs-section-content\" id=\"content-w5b1\"><div class=\"w-tabs-section-content-h i-cf\"><div class=\"wpb_text_column\"><div class=\"wpb_wrapper\"><p>Die Abrechnung unseres Angebotes erfolgt weiterhin klassisch mit Bargeld, oder \u00fcber Ihre pers\u00f6nliche Guthabenkarte. Die Mensakarte vom Vorjahr gilt weiter. Eine neue Karte wird einmal kostenfrei \u00fcber das Sekretariat ausgegeben. Die Essensversorgung wird auf Guthaben-Basis durchgef\u00fchrt, daher m\u00fcssen Sie im Vorhinein f\u00fcr eine ausreichende Deckung auf Ihrer Mensakarte sorgen.<\/p>\n<p>Nachstehend finden Sie unsere Kontoverbindung. Bitte verwenden Sie dieses Konto nicht f\u00fcr andere Zwecke, sondern ausschlie\u00dflich f\u00fcr die Schulverpflegung:<\/p>\n<p><strong>Empf\u00e4nger<\/strong>: A. Pardesi<\/p>\n<p><strong>IBAN<\/strong>: DE14 2405 0110 0065 6848 54<\/p>\n<p>Bitte beachten Sie, dass Sie als Verwendungszweck Ihre Mensakartennummer verwenden, da sonst eine Zuordnung der Zahlung zu Ihrem Mensakonto scheitert. Es besteht auch die M\u00f6glichkeit, dass die Mensakarte direkt an der Mensakasse gegen Barzahlung aufgeladen wird.<\/p>\n<p>Da jedes Kind seinen eigenen Verwendungszweck hat, m\u00fcssen Sie bei mehreren Kindern auch mehrere \u00dcberweisungen t\u00e4tigen. Der Mindestbetrag von 30 \u20ac muss sp\u00e4testens am Donnerstag der aktuellen Woche auf unserem Konto eingegangen sein, damit er innerhalb der zwei folgenden Werktage als Guthaben verbucht werden kann.<\/p>\n<p>Eine verloren gegangene Guthabenkarte kann gesperrt werden. Dazu muss die Kartennummer umgehend Frau Broocks im Sekretariat mitgeteilt werden. Das verbleibende Guthaben kann auf eine neue Karte \u00fcbertragen werden. Eine neue Karte kostet dann 2,00 \u20ac.<\/p>\n<\/div><\/div><\/div><\/div><\/div><div class=\"w-tabs-section\" id=\"k371\"><button class=\"w-tabs-section-header\" aria-controls=\"content-k371\" aria-expanded=\"false\"><div class=\"w-tabs-section-title\">Mensaregeln<\/div><div class=\"w-tabs-section-control\"><\/div><\/button><div  class=\"w-tabs-section-content\" id=\"content-k371\"><div class=\"w-tabs-section-content-h i-cf\"><div class=\"wpb_text_column\"><div class=\"wpb_wrapper\"><p><!-- \/wp:post-content --><\/p>\n<p><!-- wp:paragraph -->An allen Orten, an denen Menschen zusammen leben, gibt es\u00a0Regeln, so auch in der Mensa.<\/p>\n<div  id=\"jtg-10287\" class=\"modula modula-gallery modula-custom-grid\" data-config=\"{&quot;height&quot;:0,&quot;tabletHeight&quot;:0,&quot;mobileHeight&quot;:0,&quot;desktopHeight&quot;:0,&quot;enableTwitter&quot;:false,&quot;enableWhatsapp&quot;:false,&quot;enableFacebook&quot;:false,&quot;enablePinterest&quot;:false,&quot;enableLinkedin&quot;:false,&quot;enableEmail&quot;:false,&quot;randomFactor&quot;:0,&quot;type&quot;:&quot;custom-grid&quot;,&quot;columns&quot;:12,&quot;gutter&quot;:10,&quot;mobileGutter&quot;:10,&quot;tabletGutter&quot;:10,&quot;desktopGutter&quot;:10,&quot;enableResponsive&quot;:&quot;0&quot;,&quot;tabletColumns&quot;:&quot;2&quot;,&quot;mobileColumns&quot;:&quot;1&quot;,&quot;lazyLoad&quot;:0,&quot;lightboxOpts&quot;:{&quot;animated&quot;:true,&quot;Thumbs&quot;:{&quot;type&quot;:&quot;modern&quot;,&quot;showOnStart&quot;:false},&quot;Toolbar&quot;:{&quot;display&quot;:{&quot;right&quot;:[&quot;close&quot;]},&quot;enabled&quot;:true},&quot;Carousel&quot;:{&quot;Panzoom&quot;:{&quot;touch&quot;:true},&quot;infinite&quot;:false},&quot;keyboard&quot;:{&quot;Escape&quot;:&quot;close&quot;,&quot;Delete&quot;:&quot;close&quot;,&quot;Backspace&quot;:&quot;close&quot;,&quot;PageUp&quot;:false,&quot;PageDown&quot;:false,&quot;ArrowUp&quot;:false,&quot;ArrowDown&quot;:false,&quot;ArrowRight&quot;:false,&quot;ArrowLeft&quot;:false},&quot;touch&quot;:false,&quot;backdropClick&quot;:false,&quot;l10n&quot;:{&quot;CLOSE&quot;:&quot;Schlie\\u00dfen&quot;,&quot;NEXT&quot;:&quot;Weiter&quot;,&quot;PREV&quot;:&quot;Zur\\u00fcck&quot;,&quot;Error&quot;:&quot;Der angeforderte Inhalt kann nicht geladen werden. Bitte versuche es sp\\u00e4ter noch einmal.&quot;,&quot;PLAY_START&quot;:&quot;Slideshow starten&quot;,&quot;PLAY_STOP&quot;:&quot;Slideshow anhalten&quot;,&quot;FULL_SCREEN&quot;:&quot;Vollbild&quot;,&quot;THUMBS&quot;:&quot;Vorschaubilder&quot;,&quot;DOWNLOAD&quot;:&quot;Download&quot;,&quot;SHARE&quot;:&quot;Teilen&quot;,&quot;ZOOM&quot;:&quot;Vergr\\u00f6\\u00dfern&quot;,&quot;EMAIL&quot;:&quot;Hier ist der Link zum Bild: %%image_link%% und hier ist der Link zur Galerie: %%gallery_link%%&quot;,&quot;MODAL&quot;:&quot;Du kannst diesen Modal-Inhalt mit der ESC-Taste schlie\\u00dfen&quot;,&quot;ERROR&quot;:&quot;Es ist ein Fehler aufgetreten. Bitte versuche es sp\\u00e4ter noch einmal&quot;,&quot;IMAGE_ERROR&quot;:&quot;Bild nicht gefunden&quot;,&quot;ELEMENT_NOT_FOUND&quot;:&quot;HTML-Element nicht gefunden&quot;,&quot;AJAX_NOT_FOUND&quot;:&quot;Fehler beim Laden von AJAX: Nicht gefunden&quot;,&quot;AJAX_FORBIDDEN&quot;:&quot;Fehler beim Laden von AJAX: Zugriff verweigert&quot;,&quot;IFRAME_ERROR&quot;:&quot;Fehler beim Laden der Seite&quot;,&quot;TOGGLE_ZOOM&quot;:&quot;Zoomstufe umschalten&quot;,&quot;TOGGLE_THUMBS&quot;:&quot;Miniaturansichten ein-\\\/ausblenden&quot;,&quot;TOGGLE_SLIDESHOW&quot;:&quot;Diashow ein-\\\/ausschalten&quot;,&quot;TOGGLE_FULLSCREEN&quot;:&quot;Vollbildmodus umschalten&quot;},&quot;Images&quot;:{&quot;Panzoom&quot;:{&quot;maxScale&quot;:2}},&quot;mainClass&quot;:&quot;modula-fancybox-container modula-lightbox-jtg-10287&quot;,&quot;Html&quot;:{&quot;videoAutoplay&quot;:0,&quot;videoTpl&quot;:&quot;&lt;video class=\\&quot;fancybox__html5video\\&quot; controls muted playsinline controlsList controlsList=\\&quot;nodownload\\&quot; poster=\\&quot;{{poster}}\\&quot; src=\\&quot;{{src}}\\&quot; type=\\&quot;{{format}}\\&quot; &gt;  Sorry, your browser doesn&#039;t support embedded videos, &lt;a href=\\&quot;{{src}}\\&quot;&gt; download &lt;\\\/a&gt; and watch with your favorite video player! &lt;\\\/video&gt;&quot;}},&quot;inView&quot;:false,&quot;email_subject&quot;:&quot;Check out this awesome image !!&quot;,&quot;email_message&quot;:&quot;Here is the link to the image : %%image_link%% and this is the link to the gallery : %%gallery_link%%&quot;,&quot;lightbox&quot;:&quot;fancybox&quot;}\">\n\n\t\n\t<div  class=\"modula-items\">\n\t\t<div class=\"modula-item effect-pufrobo\" data-width=\"2\" data-height=\"2\" >\n\t<div class=\"modula-item-overlay\"><\/div>\n\n\t<div class=\"modula-item-content\">\n\n\t\t<a data-image-id=\"14684\" role=\"button\" tabindex=\"0\" rel=\"jtg-10287\" data-caption=\"\" aria-label=\"Bilder in Lightbox \u00f6ffnen\" class=\"tile-inner modula-item-link\"><\/a><img loading=\"lazy\" decoding=\"async\" class=\"pic wp-image-14684\"  data-valign=\"middle\" data-halign=\"center\" alt=\"\" data-full=\"https:\/\/johanneum-lueneburg.de\/wordpress\/wp-content\/uploads\/2023\/08\/0002-1.jpg\" title=\"0002\" crop=\"\" width=\"212\" height=\"300\" src=\"https:\/\/johanneum-lueneburg.de\/wordpress\/wp-content\/uploads\/2023\/08\/0002-1-212x300.jpg\" data-src=\"https:\/\/johanneum-lueneburg.de\/wordpress\/wp-content\/uploads\/2023\/08\/0002-1-212x300.jpg\" data-caption=\"\" srcset=\"https:\/\/johanneum-lueneburg.de\/wordpress\/wp-content\/uploads\/2023\/08\/0002-1.jpg 1131w, https:\/\/johanneum-lueneburg.de\/wordpress\/wp-content\/uploads\/2023\/08\/0002-1-212x300.jpg 212w, https:\/\/johanneum-lueneburg.de\/wordpress\/wp-content\/uploads\/2023\/08\/0002-1-724x1024.jpg 724w, https:\/\/johanneum-lueneburg.de\/wordpress\/wp-content\/uploads\/2023\/08\/0002-1-283x400.jpg 283w, https:\/\/johanneum-lueneburg.de\/wordpress\/wp-content\/uploads\/2023\/08\/0002-1-82x116.jpg 82w\" sizes=\"auto, (max-width: 212px) 100vw, 212px\" \/>\n\t\t<div class=\"figc no-description\">\n\t\t\t<div class=\"figc-inner\">\n\t\t\t\t\t\t\t\t\t\t\t\t\t\t\t<\/div>\n\t\t<\/div>\n\n\t<\/div>\n\n<\/div><div class=\"modula-item effect-pufrobo\" data-width=\"2\" data-height=\"2\" >\n\t<div class=\"modula-item-overlay\"><\/div>\n\n\t<div class=\"modula-item-content\">\n\n\t\t<a data-image-id=\"14685\" role=\"button\" tabindex=\"0\" rel=\"jtg-10287\" data-caption=\"\" aria-label=\"Bilder in Lightbox \u00f6ffnen\" class=\"tile-inner modula-item-link\"><\/a><img loading=\"lazy\" decoding=\"async\" class=\"pic wp-image-14685\"  data-valign=\"middle\" data-halign=\"center\" alt=\"\" data-full=\"https:\/\/johanneum-lueneburg.de\/wordpress\/wp-content\/uploads\/2023\/08\/0001-1.jpg\" title=\"0001\" crop=\"\" width=\"212\" height=\"300\" src=\"https:\/\/johanneum-lueneburg.de\/wordpress\/wp-content\/uploads\/2023\/08\/0001-1-212x300.jpg\" data-src=\"https:\/\/johanneum-lueneburg.de\/wordpress\/wp-content\/uploads\/2023\/08\/0001-1-212x300.jpg\" data-caption=\"\" srcset=\"https:\/\/johanneum-lueneburg.de\/wordpress\/wp-content\/uploads\/2023\/08\/0001-1.jpg 1131w, https:\/\/johanneum-lueneburg.de\/wordpress\/wp-content\/uploads\/2023\/08\/0001-1-212x300.jpg 212w, https:\/\/johanneum-lueneburg.de\/wordpress\/wp-content\/uploads\/2023\/08\/0001-1-724x1024.jpg 724w, https:\/\/johanneum-lueneburg.de\/wordpress\/wp-content\/uploads\/2023\/08\/0001-1-283x400.jpg 283w, https:\/\/johanneum-lueneburg.de\/wordpress\/wp-content\/uploads\/2023\/08\/0001-1-82x116.jpg 82w\" sizes=\"auto, (max-width: 212px) 100vw, 212px\" \/>\n\t\t<div class=\"figc no-description\">\n\t\t\t<div class=\"figc-inner\">\n\t\t\t\t\t\t\t\t\t\t\t\t\t\t\t<\/div>\n\t\t<\/div>\n\n\t<\/div>\n\n<\/div>\t\t\n\t<\/div>\n\n\t\n\t\n\t<script type=\"application\/ld+json\">\n\t{\n\t\t\"@context\": \"http:\/\/schema.org\",\n\t\t\"@type\"   : \"ImageGallery\",\n\t\t\"id\"      : \"https:\/\/johanneum-lueneburg.de\/wordpress\/mensa\/\",\n\t\t\"url\"     : \"https:\/\/johanneum-lueneburg.de\/wordpress\/mensa\/\"\n\t}\n\n\t<\/script>\n\n\t\n<\/div>\n\n<\/div><\/div><div class=\"w-btn-wrapper align_none\"><a class=\"w-btn us-btn-style_1\" title=\"Mensaregeln (Langfassung)\" href=\"https:\/\/johanneum-lueneburg.de\/wordpress\/wp-content\/uploads\/2022\/08\/Mensaregeln-Langfassung-August-2022.pdf\"><span class=\"w-btn-label\">Mensaregeln (Langfassung)<\/span><\/a><\/div><\/div><\/div><\/div><div class=\"w-tabs-section\" id=\"t456\"><button class=\"w-tabs-section-header\" aria-controls=\"content-t456\" aria-expanded=\"false\"><div class=\"w-tabs-section-title\">R\u00fcckmeldungen<\/div><div class=\"w-tabs-section-control\"><\/div><\/button><div  class=\"w-tabs-section-content\" id=\"content-t456\"><div class=\"w-tabs-section-content-h i-cf\"><div class=\"wpb_text_column\"><div class=\"wpb_wrapper\"><p>Fragen, Lob, Kritik richten Sie bitte jederzeit gerne an das Mensa-Team vor Ort oder auch an Florian Roth per Mail: <a href=\"&#x6d;a&#x69;&#108;&#x74;&#x6f;:&#x69;&#110;&#x66;&#x6f;&#64;&#x76;&#105;&#x74;&#x65;l&#x6c;&#111;&#x2d;&#x6b;o&#x63;&#104;&#x6b;&#x75;l&#x74;&#117;&#x72;&#x2e;c&#x6f;&#109;\">&#105;n&#102;o&#64;v&#x69;t&#x65;l&#x6c;o&#x2d;k&#x6f;c&#x68;k&#x75;l&#x74;u&#x72;&#46;&#x63;&#111;&#x6d;<\/a><\/p>\n<\/div><\/div><\/div><\/div><\/div><\/div><\/div><div class=\"w-separator size_small\"><\/div><\/div><\/div><\/div><\/div><\/div><\/section>","protected":false},"excerpt":{"rendered":"Speiseplan: hier bitte klicken (Homepage vom Anbieter Vitello Catering) Elternbrief: hier bitte klicken (PDF) Umsetzung einer nussfreien Mensa und eines nussfreien Kiosks: bitte hier klicken (PDF) Snack-Angebot: bitte hier klicken (PDF) &nbsp; Die Mensa am Johanneum in L\u00fcneburg wird seit August 2019 durch Vitello-Kochkultur betrieben. Als L\u00fcneburger Caterer seit nunmehr fast 20 Jahren sind wir...","protected":false},"author":1,"featured_media":0,"parent":0,"menu_order":0,"comment_status":"closed","ping_status":"closed","template":"","meta":{"footnotes":""},"class_list":["post-460","page","type-page","status-publish","hentry"],"_links":{"self":[{"href":"https:\/\/johanneum-lueneburg.de\/wordpress\/wp-json\/wp\/v2\/pages\/460","targetHints":{"allow":["GET"]}}],"collection":[{"href":"https:\/\/johanneum-lueneburg.de\/wordpress\/wp-json\/wp\/v2\/pages"}],"about":[{"href":"https:\/\/johanneum-lueneburg.de\/wordpress\/wp-json\/wp\/v2\/types\/page"}],"author":[{"embeddable":true,"href":"https:\/\/johanneum-lueneburg.de\/wordpress\/wp-json\/wp\/v2\/users\/1"}],"replies":[{"embeddable":true,"href":"https:\/\/johanneum-lueneburg.de\/wordpress\/wp-json\/wp\/v2\/comments?post=460"}],"version-history":[{"count":59,"href":"https:\/\/johanneum-lueneburg.de\/wordpress\/wp-json\/wp\/v2\/pages\/460\/revisions"}],"predecessor-version":[{"id":26039,"href":"https:\/\/johanneum-lueneburg.de\/wordpress\/wp-json\/wp\/v2\/pages\/460\/revisions\/26039"}],"wp:attachment":[{"href":"https:\/\/johanneum-lueneburg.de\/wordpress\/wp-json\/wp\/v2\/media?parent=460"}],"curies":[{"name":"wp","href":"https:\/\/api.w.org\/{rel}","templated":true}]}}