{"id":18970,"date":"2024-05-23T12:33:01","date_gmt":"2024-05-23T10:33:01","guid":{"rendered":"https:\/\/johanneum-lueneburg.de\/wordpress\/?page_id=18970"},"modified":"2024-05-23T12:33:01","modified_gmt":"2024-05-23T10:33:01","slug":"oberstufe-qphase","status":"publish","type":"page","link":"https:\/\/johanneum-lueneburg.de\/wordpress\/oberstufe-qphase\/","title":{"rendered":"Oberstufe: Qualifikationsphase (Jahrg\u00e4nge 12\/13)"},"content":{"rendered":"<section class=\"l-section wpb_row height_auto\"><div class=\"l-section-h i-cf\"><div class=\"g-cols vc_row via_flex valign_top type_default stacking_default\"><div class=\"vc_col-sm-12 wpb_column vc_column_container\"><div class=\"vc_column-inner\"><div class=\"wpb_wrapper\"><div class=\"g-cols wpb_row via_flex valign_top type_default stacking_default\"><div class=\"vc_col-sm-12 wpb_column vc_column_container\"><div class=\"vc_column-inner\"><div class=\"wpb_wrapper\"><div class=\"wpb_text_column\"><div class=\"wpb_wrapper\"><p><strong><span style=\"text-decoration: underline;\">Regelungen zur Qualifikationsphase<\/span><\/strong>:<\/p>\n<p>Einige der w\u00e4hrend der Qualifikationsphase geltenden Regeln und Bestimmungen sind in den folgenden Dokumenten aufgef\u00fchrt:<\/p>\n<\/div><\/div><div class=\"w-btn-wrapper align_none\"><a class=\"w-btn us-btn-style_1 icon_atleft\" target=\"_blank\" rel=\"nofollow\" href=\"http:\/\/johanneum-lueneburg.de\/oberstufe\/QPh-Infos - Termine und Fristen.pdf\"><i class=\"fas fa-file-pdf\"><\/i><span class=\"w-btn-label\">Termine und Fristen<\/span><\/a><\/div><div class=\"w-btn-wrapper align_none\"><a class=\"w-btn us-btn-style_1 icon_atleft\" target=\"_blank\" rel=\"nofollow\" href=\"http:\/\/johanneum-lueneburg.de\/oberstufe\/QPh-Infos - Der Tutor.pdf\"><i class=\"fas fa-file-pdf\"><\/i><span class=\"w-btn-label\">Der Tutor<\/span><\/a><\/div><div class=\"w-btn-wrapper align_none\"><a class=\"w-btn us-btn-style_1 icon_atleft\" target=\"_blank\" rel=\"nofollow\" href=\"http:\/\/johanneum-lueneburg.de\/oberstufe\/QPh-Infos - Fehlzeiten.pdf\"><i class=\"fas fa-file-pdf\"><\/i><span class=\"w-btn-label\">Fehlzeiten<\/span><\/a><\/div><div class=\"w-btn-wrapper align_none\"><a class=\"w-btn us-btn-style_1 icon_atleft\" target=\"_blank\" rel=\"nofollow\" href=\"http:\/\/johanneum-lueneburg.de\/oberstufe\/QPh-Infos - Klausuren.pdf\"><i class=\"fas fa-file-pdf\"><\/i><span class=\"w-btn-label\">Klausuren<\/span><\/a><\/div><div class=\"w-btn-wrapper align_none\"><a class=\"w-btn us-btn-style_1 icon_atleft\" target=\"_blank\" rel=\"nofollow\" href=\"http:\/\/johanneum-lueneburg.de\/oberstufe\/QPh-Infos - Antr\u00e4ge.pdf\"><i class=\"fas fa-file-pdf\"><\/i><span class=\"w-btn-label\">Antr\u00e4ge<\/span><\/a><\/div><div class=\"w-btn-wrapper align_none\"><a class=\"w-btn us-btn-style_1 icon_atleft\" target=\"_blank\" rel=\"nofollow\" href=\"http:\/\/johanneum-lueneburg.de\/oberstufe\/QPh-Infos - Fachhochschulreife.pdf\"><i class=\"fas fa-file-pdf\"><\/i><span class=\"w-btn-label\">Fachhochschulreife<\/span><\/a><\/div><div class=\"w-btn-wrapper align_none\"><a class=\"w-btn us-btn-style_1 icon_atleft\" target=\"_blank\" rel=\"nofollow\" href=\"http:\/\/johanneum-lueneburg.de\/oberstufe\/QPh-Infos - Abiturzulassung und Abiturnote.pdf\"><i class=\"fas fa-file-pdf\"><\/i><span class=\"w-btn-label\">Abiturzulassung und Abiturnote<\/span><\/a><\/div><div class=\"w-separator size_medium with_line width_default thick_1 style_solid color_border align_center\"><div class=\"w-separator-h\"><\/div><\/div><\/div><\/div><\/div><\/div><div class=\"g-cols wpb_row via_flex valign_top type_default stacking_default\"><div class=\"vc_col-sm-12 wpb_column vc_column_container\"><div class=\"vc_column-inner\"><div class=\"wpb_wrapper\"><div class=\"wpb_text_column\"><div class=\"wpb_wrapper\"><p><strong><span style=\"text-decoration: underline;\">Kerncurricula der F\u00e4cher<\/span><\/strong>:<\/p>\n<p>Die <strong>Inhalte der einzelnen F\u00e4cher<\/strong> sind in den Kerncurricula aufgef\u00fchrt:<\/p>\n<\/div><\/div><div class=\"w-btn-wrapper align_none\"><a class=\"w-btn us-btn-style_1 icon_atleft\" target=\"_blank\" rel=\"nofollow\" href=\"https:\/\/cuvo.nibis.de\/cuvo.php?skey_lev0_0=Dokumentenart&amp;svalue_lev0_0=Kerncurriculum&amp;skey_lev0_1=Schulbereich&amp;svalue_lev0_1=Sek+II&amp;skey_lev0_2=Schulform&amp;svalue_lev0_2=Gymnasiale+Oberstufe&amp;p=params\"><i class=\"fas fa-external-link\"><\/i><span class=\"w-btn-label\">Kerncurricula der einzelnen F\u00e4cher (Seite vom MK)<\/span><\/a><\/div><div class=\"w-separator size_small\"><\/div><\/div><\/div><\/div><\/div><\/div><\/div><\/div><\/div><\/div><\/section>\n","protected":false},"excerpt":{"rendered":"Regelungen zur Qualifikationsphase: Einige der w\u00e4hrend der Qualifikationsphase geltenden Regeln und Bestimmungen sind in den folgenden Dokumenten aufgef\u00fchrt: Termine und FristenDer TutorFehlzeitenKlausurenAntr\u00e4geFachhochschulreifeAbiturzulassung und AbiturnoteKerncurricula der F\u00e4cher: Die Inhalte der einzelnen F\u00e4cher sind in den Kerncurricula aufgef\u00fchrt: Kerncurricula der einzelnen F\u00e4cher (Seite vom MK)","protected":false},"author":3,"featured_media":0,"parent":0,"menu_order":0,"comment_status":"closed","ping_status":"closed","template":"","meta":{"footnotes":""},"class_list":["post-18970","page","type-page","status-publish","hentry"],"_links":{"self":[{"href":"https:\/\/johanneum-lueneburg.de\/wordpress\/wp-json\/wp\/v2\/pages\/18970","targetHints":{"allow":["GET"]}}],"collection":[{"href":"https:\/\/johanneum-lueneburg.de\/wordpress\/wp-json\/wp\/v2\/pages"}],"about":[{"href":"https:\/\/johanneum-lueneburg.de\/wordpress\/wp-json\/wp\/v2\/types\/page"}],"author":[{"embeddable":true,"href":"https:\/\/johanneum-lueneburg.de\/wordpress\/wp-json\/wp\/v2\/users\/3"}],"replies":[{"embeddable":true,"href":"https:\/\/johanneum-lueneburg.de\/wordpress\/wp-json\/wp\/v2\/comments?post=18970"}],"version-history":[{"count":1,"href":"https:\/\/johanneum-lueneburg.de\/wordpress\/wp-json\/wp\/v2\/pages\/18970\/revisions"}],"predecessor-version":[{"id":18981,"href":"https:\/\/johanneum-lueneburg.de\/wordpress\/wp-json\/wp\/v2\/pages\/18970\/revisions\/18981"}],"wp:attachment":[{"href":"https:\/\/johanneum-lueneburg.de\/wordpress\/wp-json\/wp\/v2\/media?parent=18970"}],"curies":[{"name":"wp","href":"https:\/\/api.w.org\/{rel}","templated":true}]}}