{"id":18968,"date":"2024-05-23T11:27:25","date_gmt":"2024-05-23T09:27:25","guid":{"rendered":"https:\/\/johanneum-lueneburg.de\/wordpress\/?page_id=18968"},"modified":"2026-02-17T23:06:30","modified_gmt":"2026-02-17T22:06:30","slug":"oberstufe-wahlen-ephase","status":"publish","type":"page","link":"https:\/\/johanneum-lueneburg.de\/wordpress\/oberstufe-wahlen-ephase\/","title":{"rendered":"Oberstufe: Wahlen zur Einf\u00fchrungsphase"},"content":{"rendered":"<section class=\"l-section wpb_row height_auto\"><div class=\"l-section-h i-cf\"><div class=\"g-cols vc_row via_flex valign_top type_default stacking_default\"><div class=\"vc_col-sm-12 wpb_column vc_column_container\"><div class=\"vc_column-inner\"><div class=\"wpb_wrapper\"><div class=\"g-cols wpb_row via_flex valign_top type_default stacking_default\"><div class=\"vc_col-sm-12 wpb_column vc_column_container\"><div class=\"vc_column-inner\"><div class=\"wpb_wrapper\"><div class=\"wpb_text_column\"><div class=\"wpb_wrapper\"><p>Die Einf\u00fchrungsphase der gymnasialen Oberstufe umfasst die Jahrgangsstufe.<\/p>\n<p>&nbsp;<\/p>\n<p><strong><span style=\"text-decoration: underline;\">Informationsabend zur Einf\u00fchrungsphase<\/span><\/strong>:<\/p>\n<p>Jedes Jahr gibt es zu Beginn des zweiten Halbjahres eine <strong>Informationsveranstaltung zur Einf\u00fchrungsphase<\/strong>, die sich an die Sch\u00fcler*innen und deren Eltern richten. Deren Inhalte sind:<\/p>\n<ul>\n<li>Berufliche Orientierung\/Betriebspraktikum<\/li>\n<li>Organisation der gymnasialen Oberstufe<\/li>\n<li>Wahlen zum 11. Jahrgang<\/li>\n<li>Vorstellung des Faches <em>Darstellendes Spiel<\/em><\/li>\n<\/ul>\n<\/div><\/div><div class=\"w-separator size_medium\"><\/div><div class=\"wpb_text_column\"><div class=\"wpb_wrapper\"><p><span style=\"text-decoration: underline;\"><strong>Informationen rund um die Informationsveranstaltung:<\/strong><\/span><\/p>\n<\/div><\/div><div class=\"w-btn-wrapper align_none\"><a class=\"w-btn us-btn-style_1 icon_atleft\" target=\"_blank\" rel=\"nofollow\" href=\"http:\/\/johanneum-lueneburg.de\/oberstufe\/Pr\u00e4sentation der Informationsveranstaltung EPhase.pdf\"><i class=\"fas fa-file-pdf\"><\/i><span class=\"w-btn-label\">Pr\u00e4sentation der Informationsveranstaltung<\/span><\/a><\/div><\/div><\/div><\/div><\/div><\/div><\/div><\/div><\/div><\/div><\/section>\n","protected":false},"excerpt":{"rendered":"Die Einf\u00fchrungsphase der gymnasialen Oberstufe umfasst die Jahrgangsstufe. &nbsp; Informationsabend zur Einf\u00fchrungsphase: Jedes Jahr gibt es zu Beginn des zweiten Halbjahres eine Informationsveranstaltung zur Einf\u00fchrungsphase, die sich an die Sch\u00fcler*innen und deren Eltern richten. Deren Inhalte sind: Berufliche Orientierung\/Betriebspraktikum Organisation der gymnasialen Oberstufe Wahlen zum 11. Jahrgang Vorstellung des Faches Darstellendes Spiel Informationen rund um...","protected":false},"author":3,"featured_media":0,"parent":0,"menu_order":0,"comment_status":"closed","ping_status":"closed","template":"","meta":{"footnotes":""},"class_list":["post-18968","page","type-page","status-publish","hentry"],"_links":{"self":[{"href":"https:\/\/johanneum-lueneburg.de\/wordpress\/wp-json\/wp\/v2\/pages\/18968","targetHints":{"allow":["GET"]}}],"collection":[{"href":"https:\/\/johanneum-lueneburg.de\/wordpress\/wp-json\/wp\/v2\/pages"}],"about":[{"href":"https:\/\/johanneum-lueneburg.de\/wordpress\/wp-json\/wp\/v2\/types\/page"}],"author":[{"embeddable":true,"href":"https:\/\/johanneum-lueneburg.de\/wordpress\/wp-json\/wp\/v2\/users\/3"}],"replies":[{"embeddable":true,"href":"https:\/\/johanneum-lueneburg.de\/wordpress\/wp-json\/wp\/v2\/comments?post=18968"}],"version-history":[{"count":4,"href":"https:\/\/johanneum-lueneburg.de\/wordpress\/wp-json\/wp\/v2\/pages\/18968\/revisions"}],"predecessor-version":[{"id":21702,"href":"https:\/\/johanneum-lueneburg.de\/wordpress\/wp-json\/wp\/v2\/pages\/18968\/revisions\/21702"}],"wp:attachment":[{"href":"https:\/\/johanneum-lueneburg.de\/wordpress\/wp-json\/wp\/v2\/media?parent=18968"}],"curies":[{"name":"wp","href":"https:\/\/api.w.org\/{rel}","templated":true}]}}