{"id":14663,"date":"2023-07-28T16:22:04","date_gmt":"2023-07-28T14:22:04","guid":{"rendered":"https:\/\/johanneum-lueneburg.de\/wordpress\/?page_id=14663"},"modified":"2023-07-28T16:30:37","modified_gmt":"2023-07-28T14:30:37","slug":"edzard-schmidt-jortzig-detailinformationen","status":"publish","type":"page","link":"https:\/\/johanneum-lueneburg.de\/wordpress\/edzard-schmidt-jortzig-detailinformationen\/","title":{"rendered":"Edzard Schmidt-Jortzig: Detailinformationen"},"content":{"rendered":"<section class=\"l-section wpb_row height_auto\"><div class=\"l-section-h i-cf\"><div class=\"g-cols vc_row via_flex valign_top type_default stacking_default\"><div class=\"vc_col-sm-12 wpb_column vc_column_container\"><div class=\"vc_column-inner\"><div class=\"wpb_wrapper\"><div class=\"w-tabs layout_hor style_default switch_click has_scrolling\" style=\"--sections-title-size:1em\"><div class=\"w-tabs-list items_1 align_none\"><div class=\"w-tabs-list-h\"><button class=\"w-tabs-item active\" aria-controls=\"content-xb99\" aria-expanded=\"false\"><span class=\"w-tabs-item-title\">Staatsrechtler und Liberaler<\/span><\/button><\/div><\/div><div class=\"w-tabs-sections titles-align_none icon_chevron cpos_right\"><div class=\"w-tabs-section active\" id=\"xb99\"><button class=\"w-tabs-section-header active\" aria-controls=\"content-xb99\" aria-expanded=\"true\"><div class=\"w-tabs-section-title\">Staatsrechtler und Liberaler<\/div><div class=\"w-tabs-section-control\"><\/div><\/button><div  class=\"w-tabs-section-content\" id=\"content-xb99\"><div class=\"w-tabs-section-content-h i-cf\"><div class=\"g-cols wpb_row via_flex valign_top type_default stacking_default\"><div class=\"vc_col-sm-8 wpb_column vc_column_container\"><div class=\"vc_column-inner\"><div class=\"wpb_wrapper\"><div class=\"wpb_text_column\"><div class=\"wpb_wrapper\"><p>Man k\u00f6nnte Professor Edzard Schmidt- Jortzig in eine Reihe von Liberalen stellen, die das Johanneum in de letzten 150 Jahren hervorgebracht hat: Zum Beispiel Georg Theodor Meyer, Abgeordneter der Frankfurter Nationalversammlung 1848, Rudolf von Bennigsen, Vorsitzender der Nationalliberalen und Gegenpol Bismarcks ab 1878, und der Altphilologe und Sprachforscher Hermann Jacobsohn , der sich in der Weimarer Republik aktiv in der DDP engagierte und sich 1933 das Leben nahm, nachdem er von den Nationalsozialisten aus dem Staatsdienst geworfen worden war. Die liberale Haltung von Professor Schmidt- Jortzig l\u00e4sst sich an einigen Beispielen aus seiner Zeit als Abgeordneter des Deutschen Bundestages 1994 &#8211; 2002 und als Bundesminister der Justiz 1996- 98 verdeutlichen:<\/p>\n<p>Vor der Bundestagswahl 1998 sprach sich Schmidt- Jortzig f\u00fcr einedeutsche Staatsb\u00fcrgerschaft f\u00fcr die in der Bundesrepublik geborenenKinder ausl\u00e4ndischer Staatsb\u00fcrger aus, die er gegen die Unionsparteiendurchsetzen wollte (LZ vom 21.8.1998). Zum NPD- Verbotsantragvor dem Bundesverfassungsgericht \u00e4u\u00dferte er sich als rechtspolitischerSprecher der FDP- Fraktion in einer aktuellen Stunde im Bundestag im Januar 2002 kritisch zum Vorgehen von Bundesinnenminister Schily.Wenn man V- Leute, die selbst politisch vorbelastet seien, als Zeugengegen die NPD aufbiete, so dass dies zum Scheitern des Verbotsantragsf\u00fchre, k\u00f6nnte es eher den rechtsextremen Kr\u00e4ften n\u00fctzen.<\/p>\n<\/div><\/div><\/div><\/div><\/div><div class=\"vc_col-sm-4 wpb_column vc_column_container\"><div class=\"vc_column-inner\"><div class=\"wpb_wrapper\"><div class=\"wpb_text_column\"><div class=\"wpb_wrapper\"><p><a ref=\"magnificPopup\" href=\"https:\/\/johanneum-lueneburg.de\/wordpress\/wp-content\/uploads\/2023\/07\/jortzvortr15m.jpg\"><img loading=\"lazy\" decoding=\"async\" class=\"alignnone size-medium wp-image-14664\" src=\"https:\/\/johanneum-lueneburg.de\/wordpress\/wp-content\/uploads\/2023\/07\/jortzvortr15m-294x300.jpg\" alt=\"\" width=\"294\" height=\"300\" srcset=\"https:\/\/johanneum-lueneburg.de\/wordpress\/wp-content\/uploads\/2023\/07\/jortzvortr15m-294x300.jpg 294w, https:\/\/johanneum-lueneburg.de\/wordpress\/wp-content\/uploads\/2023\/07\/jortzvortr15m-114x116.jpg 114w, https:\/\/johanneum-lueneburg.de\/wordpress\/wp-content\/uploads\/2023\/07\/jortzvortr15m.jpg 350w\" sizes=\"auto, (max-width: 294px) 100vw, 294px\" \/><\/a><\/p>\n<\/div><\/div><\/div><\/div><\/div><\/div><div class=\"g-cols wpb_row via_flex valign_top type_default stacking_default\"><div class=\"vc_col-sm-4 wpb_column vc_column_container\"><div class=\"vc_column-inner\"><div class=\"wpb_wrapper\"><div class=\"wpb_text_column\"><div class=\"wpb_wrapper\"><p><a ref=\"magnificPopup\" href=\"https:\/\/johanneum-lueneburg.de\/wordpress\/wp-content\/uploads\/2023\/07\/jortzvortr9g.jpg\"><img loading=\"lazy\" decoding=\"async\" class=\"alignnone size-medium wp-image-14665\" src=\"https:\/\/johanneum-lueneburg.de\/wordpress\/wp-content\/uploads\/2023\/07\/jortzvortr9g-300x224.jpg\" alt=\"\" width=\"300\" height=\"224\" srcset=\"https:\/\/johanneum-lueneburg.de\/wordpress\/wp-content\/uploads\/2023\/07\/jortzvortr9g-300x224.jpg 300w, https:\/\/johanneum-lueneburg.de\/wordpress\/wp-content\/uploads\/2023\/07\/jortzvortr9g-155x116.jpg 155w, https:\/\/johanneum-lueneburg.de\/wordpress\/wp-content\/uploads\/2023\/07\/jortzvortr9g.jpg 435w\" sizes=\"auto, (max-width: 300px) 100vw, 300px\" \/><\/a><\/p>\n<\/div><\/div><\/div><\/div><\/div><div class=\"vc_col-sm-8 wpb_column vc_column_container\"><div class=\"vc_column-inner\"><div class=\"wpb_wrapper\"><div class=\"wpb_text_column\"><div class=\"wpb_wrapper\"><p>In der Bundestagsdebatte \u00fcber Stammzellforschung am 30.1. 2002 pl\u00e4dierte Schmidt- Jortzig f\u00fcr den Import embryonaler Stammzellen ( Antrag der FDP- Fraktion und der CDU- Gruppe Hintze, Sch\u00e4uble u.a.). Er zeigte dabei deutlich seine christliche Einstellung, indem er auf die Schutzbed\u00fcrftigkeit des menschlichen Embryos und auf die Menschenw\u00fcrde verwies, die in der Gottesebenbildlichkeit des Menschen gegr\u00fcndet sei. Aber er wandte sich auch gegen ein absolutes Importverbot, begr\u00fcndet mit einer &#8222;emsigen Dogmaverk\u00fcndigung&#8220;, die die Menschenw\u00fcrde jeder menschlichen Zelle zusprechen wollte. Man komme um den schwierigen Abw\u00e4gungsprozess &#8222;Leben gegen Leben&#8220; nicht herum. Christen und Liberale haben nach Schmidt-Jortzigs \u00dcberzeugung eines gemeinsam: Beide unterstreichen die Autonomie der Person. Christlicher Glaube sei keine Privatsache, meint Schmidt- Jortzig, der seit 1997 Mitglied der Synode der EKD ist. Allerdings sei die Form der Kirchensteuererhebung wahrscheinlich auf Dauer reformbed\u00fcrftig.<\/p>\n<p>Dass Schmidt-Jortzig als Bundesminister der Justiz den so genannten &#8222;Gro\u00dfenLauschangriff&#8220;, der vielen Liberalen und Sozialdemokraten \u00fcber lange JahreBauchschmerzen bereitet hatte, weil man um die Freiheiten des B\u00fcrgers f\u00fcrchtete, alshistorischen Kompromiss zustande brachte, wird wohl dauerhaft mit seinem Namenverbunden bleiben. Zur Einf\u00fchrung dieses Gesetzes wurde eine Grundgesetz\u00e4nderung n\u00f6tig. Der Artikel 13 (Unverletzlichkeit der Wohnung) wurde ge\u00e4ndert und um 4 Abs\u00e4tze erweitert, die festlegen, in welchem beschr\u00e4nkten Rahmen der Einsatz des &#8222;Lauschangriffs&#8220; zul\u00e4ssig ist.So muss eine mit drei Richtern besetzte Spruchkammer \u00fcber jeden Antrag entscheiden undeine parlamentarische Kontrollkommission \u00fcberpr\u00fcft sp\u00e4ter alle Entscheidungen. Im Gesetzsind bestimmte Berufgruppen z.B. Geistlichen von Abh\u00f6rung ausgenommen.<\/p>\n<\/div><\/div><\/div><\/div><\/div><\/div><div class=\"g-cols wpb_row via_flex valign_top type_default stacking_default\"><div class=\"vc_col-sm-8 wpb_column vc_column_container\"><div class=\"vc_column-inner\"><div class=\"wpb_wrapper\"><div class=\"wpb_text_column\"><div class=\"wpb_wrapper\"><p>Auch bei der Bek\u00e4mpfung des Terrorismus gebe es eine Spannung zwischen dem Sicherheitsbed\u00fcrfnis und der Freiheit des B\u00fcrgers, erkl\u00e4rte Schmidt- Jortzig in seinem Vortrag am 30.1. 2003 vor Sch\u00fclern der Oberstufe in der Aula des Johanneums. Es sei die Frage, wie viel Freiheit der B\u00fcrger aufzugeben bereit sei, um seine Sicherheit vor Terroranschl\u00e4gen zu erh\u00f6hen: &#8222;Die Sicherheitsmaus bei\u00dft sich in ihren Freiheitsschwanz&#8220;. Am Beispiel der Verhaftung und des Prozesses gegen Mounir al-Motassadeq beim Oberlandesgericht Hamburg wegen der Verwicklung in die Terroranschl\u00e4ge vom 11. September 2001 verwies Schmidt-Jortzig auf den sichtbaren Erfolg eines &#8222;Lauschangriffs&#8220;.<\/p>\n<p>Auf die Frage nach dem Einsatz der Bundeswehr im Innern, die in diesem Zusammenhang und besonders nach dem Irrflug eines geistesgest\u00f6rten Piloten \u00fcber Frankfurt im Januar 2003 diskutiert wurde, antwortete Schmidt- Jortzig, man k\u00f6nne sich in dieser Krisensituation nicht auf die so genannte &#8222;Amtshilfe&#8220; nach Artikel 35 Grundgesetz berufen, da der Einsatz von Kampfflugzeugen der Bundeswehr nicht mit den bisher schon praktizierten Aufkl\u00e4rungsfl\u00fcgen zur Suche von Vermissten oder der Katastrophenhilfe vergleichbar sei. Das Grundgesetz gestatte den Einsatz der Bundeswehr im Innern nur zum Schutz ziviler Objekte sowie zur Unterst\u00fctzung der Polizei im Verteidigungsfall und zur Abwehr einer drohenden Gefahr f\u00fcr die freiheitlich- demokratische Grundordnung (Art. 87 GG). Wenn man den Grundsatz der Trennung von Polizei und Milit\u00e4r in unserer Demokratie beibehalten wolle, m\u00fcsse man den Fall eines terroristischen Angriffs extra in das Grundgesetz hineinschreiben, d.h. das Grundgesetz \u00e4ndern.<\/p>\n<\/div><\/div><\/div><\/div><\/div><div class=\"vc_col-sm-4 wpb_column vc_column_container\"><div class=\"vc_column-inner\"><div class=\"wpb_wrapper\"><div class=\"wpb_text_column\"><div class=\"wpb_wrapper\"><p><a ref=\"magnificPopup\" href=\"https:\/\/johanneum-lueneburg.de\/wordpress\/wp-content\/uploads\/2023\/07\/jortzvortr12g.jpg\"><img loading=\"lazy\" decoding=\"async\" class=\"alignnone size-medium wp-image-14666\" src=\"https:\/\/johanneum-lueneburg.de\/wordpress\/wp-content\/uploads\/2023\/07\/jortzvortr12g-300x225.jpg\" alt=\"\" width=\"300\" height=\"225\" srcset=\"https:\/\/johanneum-lueneburg.de\/wordpress\/wp-content\/uploads\/2023\/07\/jortzvortr12g-300x225.jpg 300w, https:\/\/johanneum-lueneburg.de\/wordpress\/wp-content\/uploads\/2023\/07\/jortzvortr12g-154x116.jpg 154w, https:\/\/johanneum-lueneburg.de\/wordpress\/wp-content\/uploads\/2023\/07\/jortzvortr12g.jpg 450w\" sizes=\"auto, (max-width: 300px) 100vw, 300px\" \/><\/a><\/p>\n<\/div><\/div><\/div><\/div><\/div><\/div><\/div><\/div><\/div><\/div><\/div><\/div><\/div><\/div><\/div><\/div><\/section>\n","protected":false},"excerpt":{"rendered":"Staatsrechtler und LiberalerStaatsrechtler und LiberalerMan k\u00f6nnte Professor Edzard Schmidt- Jortzig in eine Reihe von Liberalen stellen, die das Johanneum in de letzten 150 Jahren hervorgebracht hat: Zum Beispiel Georg Theodor Meyer, Abgeordneter der Frankfurter Nationalversammlung 1848, Rudolf von Bennigsen, Vorsitzender der Nationalliberalen und Gegenpol Bismarcks ab 1878, und der Altphilologe und Sprachforscher Hermann Jacobsohn ,...","protected":false},"author":1,"featured_media":0,"parent":0,"menu_order":0,"comment_status":"closed","ping_status":"closed","template":"","meta":{"footnotes":""},"class_list":["post-14663","page","type-page","status-publish","hentry"],"_links":{"self":[{"href":"https:\/\/johanneum-lueneburg.de\/wordpress\/wp-json\/wp\/v2\/pages\/14663","targetHints":{"allow":["GET"]}}],"collection":[{"href":"https:\/\/johanneum-lueneburg.de\/wordpress\/wp-json\/wp\/v2\/pages"}],"about":[{"href":"https:\/\/johanneum-lueneburg.de\/wordpress\/wp-json\/wp\/v2\/types\/page"}],"author":[{"embeddable":true,"href":"https:\/\/johanneum-lueneburg.de\/wordpress\/wp-json\/wp\/v2\/users\/1"}],"replies":[{"embeddable":true,"href":"https:\/\/johanneum-lueneburg.de\/wordpress\/wp-json\/wp\/v2\/comments?post=14663"}],"version-history":[{"count":1,"href":"https:\/\/johanneum-lueneburg.de\/wordpress\/wp-json\/wp\/v2\/pages\/14663\/revisions"}],"predecessor-version":[{"id":14667,"href":"https:\/\/johanneum-lueneburg.de\/wordpress\/wp-json\/wp\/v2\/pages\/14663\/revisions\/14667"}],"wp:attachment":[{"href":"https:\/\/johanneum-lueneburg.de\/wordpress\/wp-json\/wp\/v2\/media?parent=14663"}],"curies":[{"name":"wp","href":"https:\/\/api.w.org\/{rel}","templated":true}]}}

<section class="l-section wpb_row height_auto"><div class="l-section-h i-cf"><div class="g-cols vc_row via_flex valign_top type_default stacking_default"><div class="vc_col-sm-12 wpb_column vc_column_container"><div class="vc_column-inner"><div class="wpb_wrapper"><div class="w-tabs layout_hor style_default switch_click has_scrolling" style="--sections-title-size:1em"><div class="w-tabs-list items_1 align_none"><div class="w-tabs-list-h"><button class="w-tabs-item active" aria-controls="content-xb99" aria-expanded="false"><span class="w-tabs-item-title">Staatsrechtler und Liberaler</span></button></div></div><div class="w-tabs-sections titles-align_none icon_chevron cpos_right"><div class="w-tabs-section active" id="xb99"><button class="w-tabs-section-header active" aria-controls="content-xb99" aria-expanded="true"><div class="w-tabs-section-title">Staatsrechtler und Liberaler</div><div class="w-tabs-section-control"></div></button><div  class="w-tabs-section-content" id="content-xb99"><div class="w-tabs-section-content-h i-cf"><div class="g-cols wpb_row via_flex valign_top type_default stacking_default"><div class="vc_col-sm-8 wpb_column vc_column_container"><div class="vc_column-inner"><div class="wpb_wrapper"><div class="wpb_text_column"><div class="wpb_wrapper"><p>Man könnte Professor Edzard Schmidt- Jortzig in eine Reihe von Liberalen stellen, die das Johanneum in de letzten 150 Jahren hervorgebracht hat: Zum Beispiel Georg Theodor Meyer, Abgeordneter der Frankfurter Nationalversammlung 1848, Rudolf von Bennigsen, Vorsitzender der Nationalliberalen und Gegenpol Bismarcks ab 1878, und der Altphilologe und Sprachforscher Hermann Jacobsohn , der sich in der Weimarer Republik aktiv in der DDP engagierte und sich 1933 das Leben nahm, nachdem er von den Nationalsozialisten aus dem Staatsdienst geworfen worden war. Die liberale Haltung von Professor Schmidt- Jortzig lässt sich an einigen Beispielen aus seiner Zeit als Abgeordneter des Deutschen Bundestages 1994 &#8211; 2002 und als Bundesminister der Justiz 1996- 98 verdeutlichen:</p>
<p>Vor der Bundestagswahl 1998 sprach sich Schmidt- Jortzig für einedeutsche Staatsbürgerschaft für die in der Bundesrepublik geborenenKinder ausländischer Staatsbürger aus, die er gegen die Unionsparteiendurchsetzen wollte (LZ vom 21.8.1998). Zum NPD- Verbotsantragvor dem Bundesverfassungsgericht äußerte er sich als rechtspolitischerSprecher der FDP- Fraktion in einer aktuellen Stunde im Bundestag im Januar 2002 kritisch zum Vorgehen von Bundesinnenminister Schily.Wenn man V- Leute, die selbst politisch vorbelastet seien, als Zeugengegen die NPD aufbiete, so dass dies zum Scheitern des Verbotsantragsführe, könnte es eher den rechtsextremen Kräften nützen.</p>
</div></div></div></div></div><div class="vc_col-sm-4 wpb_column vc_column_container"><div class="vc_column-inner"><div class="wpb_wrapper"><div class="wpb_text_column"><div class="wpb_wrapper"><p><a ref="magnificPopup" href="https://johanneum-lueneburg.de/wordpress/wp-content/uploads/2023/07/jortzvortr15m.jpg"><img loading="lazy" decoding="async" class="alignnone size-medium wp-image-14664" src="https://johanneum-lueneburg.de/wordpress/wp-content/uploads/2023/07/jortzvortr15m-294x300.jpg" alt="" width="294" height="300" srcset="https://johanneum-lueneburg.de/wordpress/wp-content/uploads/2023/07/jortzvortr15m-294x300.jpg 294w, https://johanneum-lueneburg.de/wordpress/wp-content/uploads/2023/07/jortzvortr15m-114x116.jpg 114w, https://johanneum-lueneburg.de/wordpress/wp-content/uploads/2023/07/jortzvortr15m.jpg 350w" sizes="auto, (max-width: 294px) 100vw, 294px" /></a></p>
</div></div></div></div></div></div><div class="g-cols wpb_row via_flex valign_top type_default stacking_default"><div class="vc_col-sm-4 wpb_column vc_column_container"><div class="vc_column-inner"><div class="wpb_wrapper"><div class="wpb_text_column"><div class="wpb_wrapper"><p><a ref="magnificPopup" href="https://johanneum-lueneburg.de/wordpress/wp-content/uploads/2023/07/jortzvortr9g.jpg"><img loading="lazy" decoding="async" class="alignnone size-medium wp-image-14665" src="https://johanneum-lueneburg.de/wordpress/wp-content/uploads/2023/07/jortzvortr9g-300x224.jpg" alt="" width="300" height="224" srcset="https://johanneum-lueneburg.de/wordpress/wp-content/uploads/2023/07/jortzvortr9g-300x224.jpg 300w, https://johanneum-lueneburg.de/wordpress/wp-content/uploads/2023/07/jortzvortr9g-155x116.jpg 155w, https://johanneum-lueneburg.de/wordpress/wp-content/uploads/2023/07/jortzvortr9g.jpg 435w" sizes="auto, (max-width: 300px) 100vw, 300px" /></a></p>
</div></div></div></div></div><div class="vc_col-sm-8 wpb_column vc_column_container"><div class="vc_column-inner"><div class="wpb_wrapper"><div class="wpb_text_column"><div class="wpb_wrapper"><p>In der Bundestagsdebatte über Stammzellforschung am 30.1. 2002 plädierte Schmidt- Jortzig für den Import embryonaler Stammzellen ( Antrag der FDP- Fraktion und der CDU- Gruppe Hintze, Schäuble u.a.). Er zeigte dabei deutlich seine christliche Einstellung, indem er auf die Schutzbedürftigkeit des menschlichen Embryos und auf die Menschenwürde verwies, die in der Gottesebenbildlichkeit des Menschen gegründet sei. Aber er wandte sich auch gegen ein absolutes Importverbot, begründet mit einer &#8222;emsigen Dogmaverkündigung&#8220;, die die Menschenwürde jeder menschlichen Zelle zusprechen wollte. Man komme um den schwierigen Abwägungsprozess &#8222;Leben gegen Leben&#8220; nicht herum. Christen und Liberale haben nach Schmidt-Jortzigs Überzeugung eines gemeinsam: Beide unterstreichen die Autonomie der Person. Christlicher Glaube sei keine Privatsache, meint Schmidt- Jortzig, der seit 1997 Mitglied der Synode der EKD ist. Allerdings sei die Form der Kirchensteuererhebung wahrscheinlich auf Dauer reformbedürftig.</p>
<p>Dass Schmidt-Jortzig als Bundesminister der Justiz den so genannten &#8222;GroßenLauschangriff&#8220;, der vielen Liberalen und Sozialdemokraten über lange JahreBauchschmerzen bereitet hatte, weil man um die Freiheiten des Bürgers fürchtete, alshistorischen Kompromiss zustande brachte, wird wohl dauerhaft mit seinem Namenverbunden bleiben. Zur Einführung dieses Gesetzes wurde eine Grundgesetzänderung nötig. Der Artikel 13 (Unverletzlichkeit der Wohnung) wurde geändert und um 4 Absätze erweitert, die festlegen, in welchem beschränkten Rahmen der Einsatz des &#8222;Lauschangriffs&#8220; zulässig ist.So muss eine mit drei Richtern besetzte Spruchkammer über jeden Antrag entscheiden undeine parlamentarische Kontrollkommission überprüft später alle Entscheidungen. Im Gesetzsind bestimmte Berufgruppen z.B. Geistlichen von Abhörung ausgenommen.</p>
</div></div></div></div></div></div><div class="g-cols wpb_row via_flex valign_top type_default stacking_default"><div class="vc_col-sm-8 wpb_column vc_column_container"><div class="vc_column-inner"><div class="wpb_wrapper"><div class="wpb_text_column"><div class="wpb_wrapper"><p>Auch bei der Bekämpfung des Terrorismus gebe es eine Spannung zwischen dem Sicherheitsbedürfnis und der Freiheit des Bürgers, erklärte Schmidt- Jortzig in seinem Vortrag am 30.1. 2003 vor Schülern der Oberstufe in der Aula des Johanneums. Es sei die Frage, wie viel Freiheit der Bürger aufzugeben bereit sei, um seine Sicherheit vor Terroranschlägen zu erhöhen: &#8222;Die Sicherheitsmaus beißt sich in ihren Freiheitsschwanz&#8220;. Am Beispiel der Verhaftung und des Prozesses gegen Mounir al-Motassadeq beim Oberlandesgericht Hamburg wegen der Verwicklung in die Terroranschläge vom 11. September 2001 verwies Schmidt-Jortzig auf den sichtbaren Erfolg eines &#8222;Lauschangriffs&#8220;.</p>
<p>Auf die Frage nach dem Einsatz der Bundeswehr im Innern, die in diesem Zusammenhang und besonders nach dem Irrflug eines geistesgestörten Piloten über Frankfurt im Januar 2003 diskutiert wurde, antwortete Schmidt- Jortzig, man könne sich in dieser Krisensituation nicht auf die so genannte &#8222;Amtshilfe&#8220; nach Artikel 35 Grundgesetz berufen, da der Einsatz von Kampfflugzeugen der Bundeswehr nicht mit den bisher schon praktizierten Aufklärungsflügen zur Suche von Vermissten oder der Katastrophenhilfe vergleichbar sei. Das Grundgesetz gestatte den Einsatz der Bundeswehr im Innern nur zum Schutz ziviler Objekte sowie zur Unterstützung der Polizei im Verteidigungsfall und zur Abwehr einer drohenden Gefahr für die freiheitlich- demokratische Grundordnung (Art. 87 GG). Wenn man den Grundsatz der Trennung von Polizei und Militär in unserer Demokratie beibehalten wolle, müsse man den Fall eines terroristischen Angriffs extra in das Grundgesetz hineinschreiben, d.h. das Grundgesetz ändern.</p>
</div></div></div></div></div><div class="vc_col-sm-4 wpb_column vc_column_container"><div class="vc_column-inner"><div class="wpb_wrapper"><div class="wpb_text_column"><div class="wpb_wrapper"><p><a ref="magnificPopup" href="https://johanneum-lueneburg.de/wordpress/wp-content/uploads/2023/07/jortzvortr12g.jpg"><img loading="lazy" decoding="async" class="alignnone size-medium wp-image-14666" src="https://johanneum-lueneburg.de/wordpress/wp-content/uploads/2023/07/jortzvortr12g-300x225.jpg" alt="" width="300" height="225" srcset="https://johanneum-lueneburg.de/wordpress/wp-content/uploads/2023/07/jortzvortr12g-300x225.jpg 300w, https://johanneum-lueneburg.de/wordpress/wp-content/uploads/2023/07/jortzvortr12g-154x116.jpg 154w, https://johanneum-lueneburg.de/wordpress/wp-content/uploads/2023/07/jortzvortr12g.jpg 450w" sizes="auto, (max-width: 300px) 100vw, 300px" /></a></p>
</div></div></div></div></div></div></div></div></div></div></div></div></div></div></div></div></section>

Staatsrechtler und LiberalerStaatsrechtler und LiberalerMan könnte Professor Edzard Schmidt- Jortzig in eine Reihe von Liberalen stellen, die das Johanneum in de letzten 150 Jahren hervorgebracht hat: Zum Beispiel Georg Theodor Meyer, Abgeordneter der Frankfurter Nationalversammlung 1848, Rudolf von Bennigsen, Vorsitzender der Nationalliberalen und Gegenpol Bismarcks ab 1878, und der Altphilologe und Sprachforscher Hermann Jacobsohn ,...
