{"id":14659,"date":"2023-07-28T15:35:22","date_gmt":"2023-07-28T13:35:22","guid":{"rendered":"https:\/\/johanneum-lueneburg.de\/wordpress\/?page_id=14659"},"modified":"2023-07-28T15:35:22","modified_gmt":"2023-07-28T13:35:22","slug":"claus-von-amsberg-detailinformationen","status":"publish","type":"page","link":"https:\/\/johanneum-lueneburg.de\/wordpress\/claus-von-amsberg-detailinformationen\/","title":{"rendered":"Claus von Amsberg: Detailinformationen"},"content":{"rendered":"<section class=\"l-section wpb_row height_auto\"><div class=\"l-section-h i-cf\"><div class=\"g-cols vc_row via_flex valign_top type_default stacking_default\"><div class=\"vc_col-sm-12 wpb_column vc_column_container\"><div class=\"vc_column-inner\"><div class=\"wpb_wrapper\"><div class=\"w-tabs layout_hor style_default switch_click has_scrolling\" style=\"--sections-title-size:1em\"><div class=\"w-tabs-list items_1 align_none\"><div class=\"w-tabs-list-h\"><button class=\"w-tabs-item active\" aria-controls=\"content-cbd7\" aria-expanded=\"false\"><span class=\"w-tabs-item-title\">Deutscher &#8211; Niederl\u00e4nder &#8211; Weltb\u00fcrger<\/span><\/button><\/div><\/div><div class=\"w-tabs-sections titles-align_none icon_chevron cpos_right\"><div class=\"w-tabs-section active\" id=\"cbd7\"><button class=\"w-tabs-section-header active\" aria-controls=\"content-cbd7\" aria-expanded=\"true\"><div class=\"w-tabs-section-title\">Deutscher &#8211; Niederl\u00e4nder &#8211; Weltb\u00fcrger<\/div><div class=\"w-tabs-section-control\"><\/div><\/button><div  class=\"w-tabs-section-content\" id=\"content-cbd7\"><div class=\"w-tabs-section-content-h i-cf\"><div class=\"g-cols wpb_row via_flex valign_top type_default stacking_default\"><div class=\"vc_col-sm-12 wpb_column vc_column_container\"><div class=\"vc_column-inner\"><div class=\"wpb_wrapper\"><div class=\"wpb_text_column\"><div class=\"wpb_wrapper\"><p>Am 6. 10. 2002 verstarb der wohl prominenteste ehemalige Sch\u00fcler des Johanneums im Alter von 76 Jahren im Universit\u00e4tskrankenhaus von Amsterdam an den Folgen der Parkinsonschen Krankheit und einer Lungenentz\u00fcndung. Claus Georg Wilhelm Otto Friedrich Gerd von Amsberg wurde am 6.9. 1926 in D\u00f6tzingen bei Hitzacker als Sohn des Gutsbesitzers Claus Felix von Amsberg und der G\u00f6sta Freiin von dem Bussche- Haddenhausen geboren. Die Familie \u00fcbersiedelte 1929 in die damalige britische Kolonie Tanganjika.<\/p>\n<p>Seine Schulzeit verbrachte Claus von Amsberg 1934 &#8211; 36 in Bad Doberan (Mecklenburg), ab 1936 in einem Internat in Lushoto (Tanganjika), 1938 &#8211; 42 im Internat Mistroy an der Ostsee. 1942- 44 wurde der 16- j\u00e4hrige Hitlerjunge als Flakhelfer der Marine in Ostswine eingesetzt, kam im Sommer 1944 als Soldat nach Neuruppin (Brandenburg) und wurde 1945 als 18- j\u00e4hriger F\u00e4hnrich f\u00fcr zwei Monate an die italienische Front geschickt. Nach kurzer amerikanischer Kriegsgefangenschaft machte er 1946 nach Absolvierung eines sogenannten \u00dcbergangskursus sein Abitur am Johanneum in L\u00fcneburg. Danach folgte ein Jurastudium in Hamburg. 1957 &#8211; 65 war Claus von Amsberg im diplomatischen Dienst f\u00fcr die Bundesrepublik t\u00e4tig z.B. in Abidjan (Elfenbeink\u00fcste) und entwickelte sich zum Spezialisten f\u00fcr Afrikafragen.<\/p>\n<p>1964 lernte er die niederl\u00e4ndische Prinzessin Beatrix bei einem hochadeligen Polterabend kennen, 1965 feierten sie ihre Verlobung. Bei der Hochzeit mit Prinzessin Beatrix 1966 gab es allerdings Protestdemonstrationen von Studenten in Amsterdam, da manche Niederl\u00e4nder es wegen der noch lebendigen Erinnerung an die schreckliche deutsche Besatzungszeit im Zweiten Weltkrieg als Skandal empfanden, dass die niederl\u00e4ndische Prinzessin ausgerechnet einen Deutschen heiraten wollte. Eine extra eingesetzte Untersuchungskommission fand aber keine Belege f\u00fcr eine Sympathie des 18- j\u00e4hrigen Claus zum Naziregime und auch keinerlei Beteiligung an schlimmen Ereignissen 1945 in Italien. Dennoch marschierten noch die Achtundsechziger mit dem Slogan &#8222;Claus raus!&#8220; durch Amsterdam. Prinz Claus aber erwies sich auf die Dauer als Gl\u00fccksfall f\u00fcr die Deutschen. Denn er setzte sich nachdr\u00fccklich f\u00fcr die Vers\u00f6hnung zwischen Niederl\u00e4ndern und Deutschen ein und bet\u00e4tigte sich als wichtiger Berater der K\u00f6nigin.<\/p>\n<p>Nach der Geburt des Thronfolgers Willem-Alexander 1967 begann seine Popularit\u00e4t zu steigen. Dazu trug er selbst &#8211; bei aller nach au\u00dfen gezeigten Pflichterf\u00fcllung dem Protokoll gegen\u00fcber- durch seine Offenheit, Nat\u00fcrlichkeit und Freundlichkeit bei. Er erhielt nach der Thronbesteigung von K\u00f6nigin Beatrix 1980 den Titel &#8222;Seine K\u00f6nigliche Hoheit&#8220;, den er aber nie als hochherrschaftliches Privileg verwendete. Insgeheim war ihm die Anrede &#8222;Prinz Claus&#8220; lieber. Seine Aufmerksamkeit galt, ungeachtet der \u00e4u\u00dferen Etikette, die ihn z.B. zwang, stets hinter der K\u00f6nigin zu gehen, zun\u00e4chst seiner Familie, insbesondere seinen drei S\u00f6hnen Willem-Alexander (35), Johann Friso (34) und Constantin (32) (Anm: f\u00fcr das Jahr 2002), zu denen er ein gutes Verh\u00e4ltnis hatte. Er gestand noch vor wenigen Jahren in einer \u00f6ffentlichen Rede der ger\u00fchrten Beatrix seine Liebe.<\/p>\n<p>Sein soziales Engagement galt den armen Menschen in den Entwicklungsl\u00e4ndern und den dr\u00e4ngenden Problemen des Umweltschutzes. Er zeigte manchmal Abneigung gegen zu viel einengende protokollarische Formalit\u00e4ten. So nahm er sich w\u00e4hrend einer Rede vor versammelten Publikum die Krawatte ab. Seit der Zeit, als er an Depressionen erkrankt war, sagte man Prinz Claus nach, er sei amtsm\u00fcde oder durch sein &#8222;Schattendasein&#8220; hinter der K\u00f6nigin bedr\u00fcckt. In einem TV- Interview aus dem Jahre 1999 \u00e4u\u00dferte er sich scheinbar resigniert \u00fcber sein &#8222;Leben in einem gl\u00e4sernen Haus&#8220;, das aus t\u00e4glich 24 Stunden Dienst bestehe. Es ist aber auch m\u00f6glich, dass die seelischen Belastungen durch die auftretenden gesundheitlichen Komplikationen u.a. die Parkinsonsche Krankheit hier ihre Wirkung zeigten. Prinz Claus, der sich eher im Hintergrund hielt, wurde dennoch f\u00fcr die Niederl\u00e4nder der popul\u00e4rste Deutsche. Er selbst, der hervorragend Niederl\u00e4ndisch sprach, antwortete auf die Frage eines Journalisten, ob er sich auch als Niederl\u00e4nder f\u00fchle, er sei eigentlich auch ein wenig Afrikaner, aber auch Weltb\u00fcrger, Europ\u00e4er und Niederl\u00e4nder.<\/p>\n<\/div><\/div><div class=\"wpb_text_column\"><div class=\"wpb_wrapper\"><p class=\"tiny_p\">Niklas Luhmann, am 8. 12. 1927 in L\u00fcneburg geboren, wurde Ostern 1937 im Alter von 9 Jahren als Sch\u00fcler des Johanneums in das Gymnasium, also mit Lateinunterricht beginnend, aufgenommen. Er hatte schon damals eine Klasse \u00fcbersprungen, also nur drei Grundschuljahre absolviert. Das 1406 gegr\u00fcndete Johanneum befand sich damals in einem 1870 &#8211; 72 errichteten Geb\u00e4ude am Ende der Haagestra\u00dfe, dem heutigen Standort der Hauptschule und der Orientierungsstufe Stadtmitte.<br \/>\nDas Haus der Familie Luhmann, die in L\u00fcneburg altbekannt war, stand im Hafenviertel.<br \/>\nWilhelm Luhmann, der Vater von Niklas Luhmann, betrieb dort eine kleine Brauerei und M\u00e4lzerei, die Mutter Niklas Luhmanns stammte aus einer Schweizer Hoteliersfamilie.<\/p>\n<\/div><\/div><\/div><\/div><\/div><\/div><\/div><\/div><\/div><\/div><\/div><\/div><\/div><\/div><\/div><\/div><\/section>\n","protected":false},"excerpt":{"rendered":"Deutscher &#8211; Niederl\u00e4nder &#8211; Weltb\u00fcrgerDeutscher &#8211; Niederl\u00e4nder &#8211; Weltb\u00fcrgerAm 6. 10. 2002 verstarb der wohl prominenteste ehemalige Sch\u00fcler des Johanneums im Alter von 76 Jahren im Universit\u00e4tskrankenhaus von Amsterdam an den Folgen der Parkinsonschen Krankheit und einer Lungenentz\u00fcndung. Claus Georg Wilhelm Otto Friedrich Gerd von Amsberg wurde am 6.9. 1926 in D\u00f6tzingen bei Hitzacker als...","protected":false},"author":1,"featured_media":0,"parent":0,"menu_order":0,"comment_status":"closed","ping_status":"closed","template":"","meta":{"footnotes":""},"class_list":["post-14659","page","type-page","status-publish","hentry"],"_links":{"self":[{"href":"https:\/\/johanneum-lueneburg.de\/wordpress\/wp-json\/wp\/v2\/pages\/14659","targetHints":{"allow":["GET"]}}],"collection":[{"href":"https:\/\/johanneum-lueneburg.de\/wordpress\/wp-json\/wp\/v2\/pages"}],"about":[{"href":"https:\/\/johanneum-lueneburg.de\/wordpress\/wp-json\/wp\/v2\/types\/page"}],"author":[{"embeddable":true,"href":"https:\/\/johanneum-lueneburg.de\/wordpress\/wp-json\/wp\/v2\/users\/1"}],"replies":[{"embeddable":true,"href":"https:\/\/johanneum-lueneburg.de\/wordpress\/wp-json\/wp\/v2\/comments?post=14659"}],"version-history":[{"count":1,"href":"https:\/\/johanneum-lueneburg.de\/wordpress\/wp-json\/wp\/v2\/pages\/14659\/revisions"}],"predecessor-version":[{"id":14660,"href":"https:\/\/johanneum-lueneburg.de\/wordpress\/wp-json\/wp\/v2\/pages\/14659\/revisions\/14660"}],"wp:attachment":[{"href":"https:\/\/johanneum-lueneburg.de\/wordpress\/wp-json\/wp\/v2\/media?parent=14659"}],"curies":[{"name":"wp","href":"https:\/\/api.w.org\/{rel}","templated":true}]}}