{"id":13943,"date":"2023-07-02T16:27:53","date_gmt":"2023-07-02T14:27:53","guid":{"rendered":"https:\/\/johanneum-lueneburg.de\/wordpress\/?page_id=13943"},"modified":"2023-07-02T19:51:37","modified_gmt":"2023-07-02T17:51:37","slug":"theodor-steltzer-detailinformationen","status":"publish","type":"page","link":"https:\/\/johanneum-lueneburg.de\/wordpress\/theodor-steltzer-detailinformationen\/","title":{"rendered":"Theodor Steltzer: Detailinformationen"},"content":{"rendered":"<section class=\"l-section wpb_row height_auto\"><div class=\"l-section-h i-cf\"><div class=\"g-cols vc_row via_flex valign_top type_default stacking_default\"><div class=\"vc_col-sm-12 wpb_column vc_column_container\"><div class=\"vc_column-inner\"><div class=\"wpb_wrapper\"><div class=\"w-tabs layout_hor style_default switch_click has_scrolling\" style=\"--sections-title-size:1em\"><div class=\"w-tabs-list items_3 align_none\"><div class=\"w-tabs-list-h\"><button class=\"w-tabs-item active\" aria-controls=\"content-m811\" aria-expanded=\"false\"><span class=\"w-tabs-item-title\">Sch\u00fcler und Student<\/span><\/button><button class=\"w-tabs-item\" aria-controls=\"content-w007\" aria-expanded=\"false\"><span class=\"w-tabs-item-title\">Steltzer und der Kreisauer Kreis<\/span><\/button><button class=\"w-tabs-item\" aria-controls=\"content-l32d\" aria-expanded=\"false\"><span class=\"w-tabs-item-title\">Theodor-Steltzer-Preis<\/span><\/button><\/div><\/div><div class=\"w-tabs-sections titles-align_none icon_chevron cpos_right\"><div class=\"w-tabs-section active\" id=\"m811\"><button class=\"w-tabs-section-header active\" aria-controls=\"content-m811\" aria-expanded=\"true\"><div class=\"w-tabs-section-title\">Sch\u00fcler und Student<\/div><div class=\"w-tabs-section-control\"><\/div><\/button><div  class=\"w-tabs-section-content\" id=\"content-m811\"><div class=\"w-tabs-section-content-h i-cf\"><div class=\"g-cols wpb_row via_flex valign_top type_default stacking_default\"><div class=\"vc_col-sm-12 wpb_column vc_column_container\"><div class=\"vc_column-inner\"><div class=\"wpb_wrapper\"><div class=\"wpb_text_column\"><div class=\"wpb_wrapper\"><p>W\u00e4hrend der Schulzeit sei er ein Tr\u00e4umer gewesen und noch nicht zu besonderer geistiger Selbstst\u00e4ndigkeit erwacht. Er habe kein besonderes Interesse f\u00fcr Politik gezeigt, und das Kaiserreich begeisterte ihn wenig, schreibt Steltzer in seinen Lebenserinnerungen. Er erhielt eine sorgf\u00e4ltige Erziehung und Geigenunterricht und hatte &#8211; abgesehen vom fr\u00fchen Tod seiner Mutter &#8211; keine besonderen Probleme durchzustehen. Der Religionsunterricht in der Schule konnte ihm zu wenig innere christliche \u00dcberzeugung vermitteln. Er erhielt ein gewisses Schuldgef\u00fchl durch die Naumann&#8217;sche Zeitschrift &#8222;Die Hilfe&#8220;, als er von sozialem Elend anderer Menschen erfuhr. Dennoch ergab sich daraus kein weiteres Engagement, denn einerseits schien sich der Fortschritt wie von selbst zu vollziehen, andererseits besa\u00df er die typisch jugendliche Ansicht, dass eigentlich alle bisherigen Politiker etwas falsch gemacht haben mussten. Er suchte nach neuen Ideen, \u00e4u\u00dferte manchmal extravagante Ansichten, die aber eher als unausgegoren wahrgenommen wurden.<\/p>\n<p>Im Nachhinein beurteilte Steltzer die Kompliziertheit der Welt als eher n\u00fctzlich, da sie ihn vor simplen Vereinfachungen bewahrt habe. Er war damals auf der Suche nach Verbindungen von Politik, Wirtschaft und Ethik und tat sich deshalb besonders schwer mit der Berufswahl. Mit der festgef\u00fcgten Welt der Juristen war er nicht zufrieden und entschied sich, obwohl er eine Aversion gegen bestimmte Formen des Drills hatte , f\u00fcr die Offizierslaufbahn. Danach (1907 &#8211; 1909) glaubte er durch das Studium der Staatswissenschaften und der \u00d6konomie in M\u00fcnchen gewisse Lebensbereiche verbinden zu k\u00f6nnen, musste aber doch desillusioniert die sehr starke Spezialisierung der einzelnen Stoffgebiete feststellen. Er gab am Schluss zu, dass &#8222;die Wissenschaft niemals das Ganze vermitteln kann&#8220;, nach dem er so leidenschaftlich gesucht hatte (&#8222;Sechzig Jahre Zeitgenosse&#8220;, S.22).<\/p>\n<p>Ihm fehlte &#8211; vielleicht zum Gl\u00fcck- eine die Welt als ganze erkl\u00e4rende Ideologie. Er hatte in der Schulzeit auf dem von ihm besuchten Johanneum keinen Antisemitismus kennengelernt. (\u00dcbrigens kannte er in M\u00fcnchen den Sprachwissenschaftler und ehemaligen Johanniter j\u00fcdischer Herkunft Dr. Hermann Jacobsohn, der Museumsf\u00fchrungen mit Studenten veranstaltete ). Bei den Liberalen stie\u00df ihn die nationale Phraseologie , bei den Sozialdemokraten die marxistische Ideologie ab. Gleichwohl beteiligte er sich an Arbeiterbildungsprogrammen und versuchte seinen Gesichtskreis durch das Kennenlernen neuer Menschen zu erweitern. Die zwanglose bayerische Herzlichkeit im Gegensatz zur bisher gekannten verkrampften norddeutschen Haltung half ihm dabei. Beruflich kehrte er aber zur milit\u00e4rischen Laufbahn zur\u00fcck.<\/p>\n<\/div><\/div><\/div><\/div><\/div><\/div><\/div><\/div><\/div><div class=\"w-tabs-section\" id=\"w007\"><button class=\"w-tabs-section-header\" aria-controls=\"content-w007\" aria-expanded=\"false\"><div class=\"w-tabs-section-title\">Steltzer und der Kreisauer Kreis<\/div><div class=\"w-tabs-section-control\"><\/div><\/button><div  class=\"w-tabs-section-content\" id=\"content-w007\"><div class=\"w-tabs-section-content-h i-cf\"><div class=\"g-cols wpb_row via_flex valign_top type_default stacking_default\"><div class=\"vc_col-sm-3 wpb_column vc_column_container\"><div class=\"vc_column-inner\"><div class=\"wpb_wrapper\"><div class=\"wpb_text_column\"><div class=\"wpb_wrapper\"><p><a ref=\"magnificPopup\" href=\"https:\/\/johanneum-lueneburg.de\/wordpress\/wp-content\/uploads\/2023\/07\/steltzerg.jpg\"><img loading=\"lazy\" decoding=\"async\" class=\"alignnone size-medium wp-image-13944\" src=\"https:\/\/johanneum-lueneburg.de\/wordpress\/wp-content\/uploads\/2023\/07\/steltzerg-181x300.jpg\" alt=\"\" width=\"181\" height=\"300\" srcset=\"https:\/\/johanneum-lueneburg.de\/wordpress\/wp-content\/uploads\/2023\/07\/steltzerg-181x300.jpg 181w, https:\/\/johanneum-lueneburg.de\/wordpress\/wp-content\/uploads\/2023\/07\/steltzerg-241x400.jpg 241w, https:\/\/johanneum-lueneburg.de\/wordpress\/wp-content\/uploads\/2023\/07\/steltzerg-70x116.jpg 70w, https:\/\/johanneum-lueneburg.de\/wordpress\/wp-content\/uploads\/2023\/07\/steltzerg.jpg 271w\" sizes=\"auto, (max-width: 181px) 100vw, 181px\" \/><\/a><\/p>\n<\/div><\/div><\/div><\/div><\/div><div class=\"vc_col-sm-9 wpb_column vc_column_container\"><div class=\"vc_column-inner\"><div class=\"wpb_wrapper\"><div class=\"wpb_text_column\"><div class=\"wpb_wrapper\"><p>Der Kreisauer Kreis, benannt nach dem Gut des Grafen von Moltke in Niederschlesien, bestand aus M\u00e4nnern und Frauen ganz unterschiedlicher Herkunft und politischer Richtung, die von einer christlichen Grundorientierung aus \u00dcberlegungen zu einer demokratischen Neuordnung Deutschlands nach Hitler anstellten. Steltzer geh\u00f6rte zu denjenigen Mitgliedern des Kreises, die der Meinung waren, dass alle politischen Vorstellungen des 19. Jahrhunderts \u00fcberholt waren und alle gesellschaftlichen Formen einer Neufassung bedurften. Ans\u00e4tze zu dieser \u00dcberzeugung bildeten sich bei Steltzer bereits im Ersten Weltkrieg.<\/p>\n<p>Obwohl er bis 1914 noch kein \u00fcberzeugter Republikaner war, empfand er besonders w\u00e4hrend des Ersten Weltkrieges eine gewisse Distanz zur milit\u00e4rischen F\u00fchrungsschicht, da sie in einer der Vergangenheit zugewandten Haltung erstarrt war und keine Beziehung zu den Aufgaben der Zukunft besa\u00df. Besonders fielen ihm als Insider des Generalstabs die Illusionen und die machtpolitischen Spekulationen innerhalb der Obersten Heeresleitung auf, mit denen sich Hindenburg und Ludendorff \u00fcber die wirkliche milit\u00e4rische Lage hinwegt\u00e4uschten. Steltzer erlebte deshalb das Kriegsende 1918 bereits mit einer gr\u00f6\u00dferen Distanziertheit.<\/p>\n<\/div><\/div><\/div><\/div><\/div><\/div><div class=\"w-separator size_medium\"><\/div><div class=\"wpb_text_column\"><div class=\"wpb_wrapper\"><p>Als Landrat ab 1920 eher mit praktischen politischen Aufgaben befasst, machte er sich dennoch Gedanken um die Reichsverfassung und schickte 1930 eine Denkschrift an Br\u00fcning, in der er sich f\u00fcr die Aufl\u00f6sung Preu\u00dfens und einen starken F\u00f6deralismus aussprach. Als er 1933 von den Nationalsozialisten entlassen wurde, musste er mit gek\u00fcrzter Pension leben und konnte seinen Kindern nur dadurch eine bessere Schulbildung erm\u00f6glichen, dass Dr. Bondy sie unter Erm\u00e4\u00dfigung der Kosten in das Landerziehungsheim Marienau aufnahm. (Kurz darauf bot ihm Bondy sogar die Schulleitung an, weil er selbst als Jude emigrieren musste). Im April 1933 verfasste Steltzer im Auftrage des sp\u00e4teren \u00f6sterreichischen Kanzlers Schuschnigg eine Denkschrift mit dem Thema &#8222;Grunds\u00e4tzliche Gedanken \u00fcber die deutsche F\u00fchrung&#8220;, in der er bereits vor einer gro\u00dfen europ\u00e4ischen Katastrophe warnte.<\/p>\n<p>Er beteiligte sich w\u00e4hrend des Nationalsozialismus dennoch nicht an spektakul\u00e4ren Widerstandsaktionen, weil er der Meinung war, dass nur die Wehrmacht als ganzes gegen Hitler eine Chance hatte. Er wirkte eher &#8222;im Stillen&#8220;, setzte sich z.B. in Oslo f\u00fcr verhaftete Norweger ein und kn\u00fcpfte Kontakte zu Gleichgesinnten. Er hatte ab 1940 Verbindungen zu Helmuth James Graf von Moltke, Peter Graf Yorck von Wartenburg, Pater Alfred Delp und anderen, die er gelegentlich in Berlin traf. Steltzer sch\u00e4tzte gerade das Gef\u00fchl der geistigen Freiheit im Gedankenaustausch zwischen den unterschiedlichen Meinungen innerhalb des Kreisauer Kreises. \u00dcber das Attentat des 20. Juli 1944 war Steltzer nur unzureichend informiert und nicht an ihm beteiligt. Im Gef\u00fchl der Aussichtslosigkeit nach seiner Verhaftung und Verurteilung zum Tode konnte ihm nur seine christliche \u00dcberzeugung etwas Trost bieten, besonders als er nach und nach von der Hinrichtung anderer Mith\u00e4ftlinge erfuhr.<\/p>\n<p>Ihre Fr\u00fcchte trugen die Diskussionen des Kreisauer Kreises f\u00fcr Steltzer auch nach 1945, als er sich zun\u00e4chst selbst wieder in der praktischen politischen Verantwortung befand, dann aber auch bei seinem Engagement f\u00fcr die Errichtung von Br\u00fccken zwischen Menschen, die sonst nicht miteinander ins Gespr\u00e4ch gekommen w\u00e4ren. Das galt sowohl innerhalb der Gesellschaft als auch international, wo sich Steltzer f\u00fcr die Einigung Europas und f\u00fcr Gespr\u00e4che mit den osteurop\u00e4ischen Staaten einsetzte. &#8222;Zeitgenosse sein&#8220; bedeutete f\u00fcr Steltzer, Mitverantwortung f\u00fcr die Menschengemeinschaft auf sich zu nehmen, die Existenz- und Denkm\u00f6glichkeit zu ermessen, die in der Menschengemeinschaft einer bestimmten Zeit liegen, das Bleibende und Unzerst\u00f6rbare in den Menschen und soziale Fehlentwicklungen zu erkennen.<\/p>\n<\/div><\/div><\/div><\/div><\/div><div class=\"w-tabs-section\" id=\"l32d\"><button class=\"w-tabs-section-header\" aria-controls=\"content-l32d\" aria-expanded=\"false\"><div class=\"w-tabs-section-title\">Theodor-Steltzer-Preis<\/div><div class=\"w-tabs-section-control\"><\/div><\/button><div  class=\"w-tabs-section-content\" id=\"content-l32d\"><div class=\"w-tabs-section-content-h i-cf\"><div class=\"wpb_text_column\"><div class=\"wpb_wrapper\"><p>Seit 2013 vergibt die \u201eVereinigung der Ehemaligen, der Freunde und F\u00f6rderer des Johanneums e.V.\u201c einen Preis f\u00fcr Sch\u00fclerinnen und Sch\u00fcler des Johanneums, die sich f\u00fcr ihre Mitsch\u00fcler und die Schulgemeinschaft in besonderer Weise eingesetzt haben, oder sich beispielsweise f\u00fcr Projekte engagiert haben, die die Anliegen und Interessen der Sch\u00fclerschaft betreffen. Als erster Preistr\u00e4ger erhielt am 22.6. 2013 im Rahmen der Abiturientenentlassungsfeier der Abiturient Oskar Graap durch Herrn Karsten Hofmann, den Vorsitzenden des F\u00f6rdervereins, eine Urkunde und ein Buchgeschenk f\u00fcr sein Engagement im Sch\u00fclersprecherteam.<\/p>\n<p>Als Namensgeber des Preises wurde Theodor Steltzer, ein prominenter ehemaliger Johanniter ausgew\u00e4hlt. Das bedarf einer genaueren Begr\u00fcndung. Denn einige Anschauungen Theodor Steltzers sind nur noch auf dem Hintergrund der damaligen Zeit zu verstehen und heute nicht mehr ohne weiteres nachzuvollziehen. Steltzer war 1933 noch nicht aktiv im Widerstand, da er von der Weimarer Parteiendemokratie entt\u00e4uscht war. Der \u201eGlaube an das deutsche Volk\u201c und die \u201egeistigen Werte der Nation\u201c bestimmten damals noch sein Denken (1). Er w\u00fcnschte sich f\u00fcr das Wohl des Volkes eher einen starken Staat, der zwar ein Rechtsstaat sein sollte, aber dem Machtkampf von Parteien keinen Raum bieten sollte. Auch sein Plan, das Christentum zur Grundlage des Staates zu machen und sein Grundsatz \u201ealles f\u00fcr das Volk, weniges durch das Volk\u201c weisen ihn nicht gerade als modernen Demokraten aus (2).<\/p>\n<p>Es gibt aber viele gute Gr\u00fcnde daf\u00fcr, gerade Steltzers Pers\u00f6nlichkeit als Vorbild f\u00fcr heutige Jugendliche zu betrachten:<\/p>\n<ul>\n<li>Steltzer war mit seiner \u00dcberzeugung f\u00fcr Rechtsstaatlichkeit und Menschenrechte im Kreisauer Kreis Teil des Widerstandes gegen die Hitlerdiktatur und musste damit rechnen, im Falle der Entdeckung hart bestraft zu werden. Denn die Er\u00f6rterung von Gedanken \u00fcber ein zuk\u00fcnftiges Deutschland nach der Hitlerdiktatur, also ohne Hitler, galt bereits als Hochverrat. Er setzte also sein Leben f\u00fcr seine \u00dcberzeugungen ein. Dass er als zum Tode Verurteilter in letzter Minute der Hinrichtung entkam- im Unterschied zu anderen Mitgliedern des Kreisauer Kreises- , kann man fast als unwahrscheinlichen Gl\u00fccksfall betrachten.<\/li>\n<li>Steltzer war nie Antisemit; er lehnte die Vorstellung einer \u201erassischen \u00dcberfremdung\u201c ab und missbilligte \u00dcbergriffe gegen das Judentum (3). Er kannte nicht nur Juden wie z.B. den ehemaligen Johanniter Hermann Jacobsohn, sondern setzte sich f\u00fcr die Rettung norwegischer und d\u00e4nischer Juden ein. Nach Steltzers \u00dcberzeugung m\u00fcsse jedes fremde Volkstum geachtet werden, auch dem Kleinsten m\u00fcsse sein Recht gegeben werden.<\/li>\n<li>Steltzer besch\u00e4ftigte sich st\u00e4ndig mit Ideen und Projekten, in denen es darum ging, etwas zu verbessern und sich zu engagieren. Die \u201eVolkserziehung\u201c und die Verbesserung der Infrastruktur lagen ihm zum Beispiel am Herzen. Er war st\u00e4ndig ein Suchender, der sich um geistige Orientierung bem\u00fchte. Er war Mitglied in zahlreichen Arbeitskreisen und Vereinigungen, z.B. im Lions Club.<\/li>\n<li>Er war kontaktfreudig und weltl\u00e4ufig. Er pflegte Kontakte zu Angeh\u00f6rigen anderer Parteien, z.B. zu Willy Brandt, den er im Exil in Norwegen kennengelernt hatte.<\/li>\n<li>Er war nicht auf eine Karriere, eine hohe Position oder eigene Interessen erpicht, sondern ihm ging es in der Politik immer um die Sache.<\/li>\n<li>Er hatte ein gut funktionierendes Gewissen und Verantwortungsgef\u00fchl. Trotz seines Widerstands gegen die Hitlerdiktatur war er deshalb nicht zu einem Attentat gegen Hitler bereit, weil er \u2013 im Gegensatz zu Bonhoeffer- mit seiner christlichen \u00dcberzeugung argumentierte, Mord sei Mord und mit dem 5.Gebot nicht zu vereinbaren. Aus diesem Grunde lehnte er auch politische Umst\u00fcrze und gewaltsame Revolutionen ab, da diese \u201estets zerst\u00f6rende d\u00e4monische Kr\u00e4fte entwickeln, die ihre Urheber nicht mehr bew\u00e4ltigen k\u00f6nnen\u201c (4).<br \/>\nObwohl er sich immer f\u00fcr das Gemeinschaftliche engagierte, blieb er immer Individualist und bewahrte sich seine eigene Urteilsf\u00e4higkeit. Er redete anderen Leuten nicht nach dem Mund, war nie v\u00f6llig angepasst. In den Anfangsjahren der CDU stimmte er z.B. nicht unbedingt mit der Linie Konrad Adenauers \u00fcberein. Trotz seiner individuellen \u00dcberzeugungen war er immer bereit, in den gegebenen politischen Strukturen mitzuarbeiten, um das Beste daraus zu machen. Er galt als Mann des Ausgleichs. Obwohl er als politisch Verantwortlicher in der politischen Auseinandersetzung von mehreren Seiten angefeindet wurde, bewies er Standfestigkeit.<\/li>\n<li>Er besa\u00df einen Weitblick f\u00fcr zuk\u00fcnftige Weltaufgaben: f\u00fcr den Ausgleich zwischen Industrienationen und Entwicklungsl\u00e4ndern, f\u00fcr das Problem der \u00dcberbev\u00f6lkerung, f\u00fcr die Europ\u00e4ische Einigung, f\u00fcr Abr\u00fcstungsfragen, f\u00fcr den Dialog mit der DDR.<\/li>\n<\/ul>\n<p>Anmerkungen:<\/p>\n<p>Zum Folgenden: Klaus Alberts, Theodor Steltzer, Boyens Medien GmbH&amp;Co KG Heide 2009, S . 60ff<br \/>\nKlaus Alberts, a.a.O. S.156<br \/>\nKlaus Alberts, a.a.O. S. 310<br \/>\nKlaus Alberts, a.a.O. S. 148<\/p>\n<\/div><\/div><div class=\"w-separator size_medium\"><\/div><div class=\"wpb_text_column\"><div class=\"wpb_wrapper\"><p><strong>Bisherige Preistr\u00e4ger des Steltzer-Preises:<\/strong><br \/>\n2013 Oskar Graap<br \/>\n2014 Nico von Horsten, Niklas Martin, Jonathan Riesner<\/p>\n<\/div><\/div><\/div><\/div><\/div><\/div><\/div><\/div><\/div><\/div><\/div><\/div><\/section>\n","protected":false},"excerpt":{"rendered":"Sch\u00fcler und StudentSteltzer und der Kreisauer KreisTheodor-Steltzer-PreisSch\u00fcler und StudentW\u00e4hrend der Schulzeit sei er ein Tr\u00e4umer gewesen und noch nicht zu besonderer geistiger Selbstst\u00e4ndigkeit erwacht. Er habe kein besonderes Interesse f\u00fcr Politik gezeigt, und das Kaiserreich begeisterte ihn wenig, schreibt Steltzer in seinen Lebenserinnerungen. Er erhielt eine sorgf\u00e4ltige Erziehung und Geigenunterricht und hatte &#8211; abgesehen vom...","protected":false},"author":1,"featured_media":0,"parent":0,"menu_order":0,"comment_status":"closed","ping_status":"closed","template":"","meta":{"footnotes":""},"class_list":["post-13943","page","type-page","status-publish","hentry"],"_links":{"self":[{"href":"https:\/\/johanneum-lueneburg.de\/wordpress\/wp-json\/wp\/v2\/pages\/13943","targetHints":{"allow":["GET"]}}],"collection":[{"href":"https:\/\/johanneum-lueneburg.de\/wordpress\/wp-json\/wp\/v2\/pages"}],"about":[{"href":"https:\/\/johanneum-lueneburg.de\/wordpress\/wp-json\/wp\/v2\/types\/page"}],"author":[{"embeddable":true,"href":"https:\/\/johanneum-lueneburg.de\/wordpress\/wp-json\/wp\/v2\/users\/1"}],"replies":[{"embeddable":true,"href":"https:\/\/johanneum-lueneburg.de\/wordpress\/wp-json\/wp\/v2\/comments?post=13943"}],"version-history":[{"count":1,"href":"https:\/\/johanneum-lueneburg.de\/wordpress\/wp-json\/wp\/v2\/pages\/13943\/revisions"}],"predecessor-version":[{"id":13945,"href":"https:\/\/johanneum-lueneburg.de\/wordpress\/wp-json\/wp\/v2\/pages\/13943\/revisions\/13945"}],"wp:attachment":[{"href":"https:\/\/johanneum-lueneburg.de\/wordpress\/wp-json\/wp\/v2\/media?parent=13943"}],"curies":[{"name":"wp","href":"https:\/\/api.w.org\/{rel}","templated":true}]}}