{"id":13921,"date":"2023-07-02T15:25:20","date_gmt":"2023-07-02T13:25:20","guid":{"rendered":"https:\/\/johanneum-lueneburg.de\/wordpress\/?page_id=13921"},"modified":"2023-07-02T15:27:51","modified_gmt":"2023-07-02T13:27:51","slug":"hermann-collitz-kurzbiographie","status":"publish","type":"page","link":"https:\/\/johanneum-lueneburg.de\/wordpress\/hermann-collitz-kurzbiographie\/","title":{"rendered":"Hermann Collitz: Kurzbiographie"},"content":{"rendered":"<section class=\"l-section wpb_row height_auto\"><div class=\"l-section-h i-cf\"><div class=\"g-cols vc_row via_flex valign_top type_default stacking_default\"><div class=\"vc_col-sm-12 wpb_column vc_column_container\"><div class=\"vc_column-inner\"><div class=\"wpb_wrapper\"><div class=\"wpb_text_column\"><div class=\"wpb_wrapper\"><p><strong>Kurzbiographie von Joachim Becker (Abitur am Johanneum 1979)<br \/>\n<\/strong><\/p>\n<\/div><\/div><div class=\"w-separator size_medium\"><\/div><div class=\"w-tabs layout_hor style_default switch_click has_scrolling\" style=\"--sections-title-size:1em\"><div class=\"w-tabs-list items_1 align_none\"><div class=\"w-tabs-list-h\"><button class=\"w-tabs-item active\" aria-controls=\"content-h90a\" aria-expanded=\"false\"><span class=\"w-tabs-item-title\">Ein Wegbereiter der modernen Linguistik<\/span><\/button><\/div><\/div><div class=\"w-tabs-sections titles-align_none icon_chevron cpos_right\"><div class=\"w-tabs-section active\" id=\"h90a\"><button class=\"w-tabs-section-header active\" aria-controls=\"content-h90a\" aria-expanded=\"true\"><div class=\"w-tabs-section-title\">Ein Wegbereiter der modernen Linguistik<\/div><div class=\"w-tabs-section-control\"><\/div><\/button><div  class=\"w-tabs-section-content\" id=\"content-h90a\"><div class=\"w-tabs-section-content-h i-cf\"><div class=\"g-cols wpb_row via_flex valign_top type_default stacking_default\"><div class=\"vc_col-sm-3 wpb_column vc_column_container\"><div class=\"vc_column-inner\"><div class=\"wpb_wrapper\"><div class=\"wpb_text_column\"><div class=\"wpb_wrapper\"><p><a ref=\"magnificPopup\" href=\"https:\/\/johanneum-lueneburg.de\/wordpress\/wp-content\/uploads\/2023\/07\/hermann_collitz.jpg\"><img loading=\"lazy\" decoding=\"async\" class=\"alignnone size-full wp-image-13922\" src=\"https:\/\/johanneum-lueneburg.de\/wordpress\/wp-content\/uploads\/2023\/07\/hermann_collitz.jpg\" alt=\"\" width=\"100\" height=\"141\" srcset=\"https:\/\/johanneum-lueneburg.de\/wordpress\/wp-content\/uploads\/2023\/07\/hermann_collitz.jpg 100w, https:\/\/johanneum-lueneburg.de\/wordpress\/wp-content\/uploads\/2023\/07\/hermann_collitz-82x116.jpg 82w\" sizes=\"auto, (max-width: 100px) 100vw, 100px\" \/><\/a><\/p>\n<\/div><\/div><\/div><\/div><\/div><div class=\"vc_col-sm-9 wpb_column vc_column_container\"><div class=\"vc_column-inner\"><div class=\"wpb_wrapper\"><div class=\"wpb_text_column\"><div class=\"wpb_wrapper\"><p>Im Rahmen von Recherchen f\u00fcr einen Aufsatz \u00fcber die Anf\u00e4nge der indogermanischen und vergleichenden Sprachwissenschaft an der Universit\u00e4t G\u00f6ttingen stie\u00df ich auf Hermann Collitz, einen ehemaligen Sch\u00fcler des Johanneums (Abitur 1875), der in der Sprachwissenschaft als einer der Wegbereiter der modernen Linguistik gilt. Als Sch\u00fcler des Johanneums (Abitur 1979) elektrisierte mich dieser Fund sofort.<\/p>\n<\/div><\/div><\/div><\/div><\/div><\/div><div class=\"g-cols wpb_row via_flex valign_top type_default stacking_default\"><div class=\"vc_col-sm-3 wpb_column vc_column_container\"><div class=\"vc_column-inner\"><div class=\"wpb_wrapper\"><div class=\"wpb_text_column\"><div class=\"wpb_wrapper\"><p><a ref=\"magnificPopup\" href=\"https:\/\/johanneum-lueneburg.de\/wordpress\/wp-content\/uploads\/2023\/07\/hermann_collitz_1.gif\"><img loading=\"lazy\" decoding=\"async\" class=\"alignnone size-full wp-image-13923\" src=\"https:\/\/johanneum-lueneburg.de\/wordpress\/wp-content\/uploads\/2023\/07\/hermann_collitz_1.gif\" alt=\"\" width=\"261\" height=\"46\" \/><\/a><\/p>\n<\/div><\/div><\/div><\/div><\/div><div class=\"vc_col-sm-9 wpb_column vc_column_container\"><div class=\"vc_column-inner\"><div class=\"wpb_wrapper\"><div class=\"wpb_text_column\"><div class=\"wpb_wrapper\"><p>Hermann Collitz erforschte und unterrichtete die Sprachen, denen sich seit jeher das Johanneum auf besondere Weise gewidmet hat: Latein, Griechisch, Deutsch und Englisch. Collitz stand in engem Kontakt u.a. mit A. Bezzenberger, dem Begr\u00fcnder der (philologischen) Baltistik, A. Fick, dem \u00fcberragenden Etymologen seiner Zeit, und M. Bloomfield, einem der wichtigsten Vertreter der modernen Linguistik.<\/p>\n<\/div><\/div><\/div><\/div><\/div><\/div><div class=\"g-cols wpb_row via_flex valign_top type_default stacking_default\"><div class=\"vc_col-sm-3 wpb_column vc_column_container\"><div class=\"vc_column-inner\"><div class=\"wpb_wrapper\"><div class=\"wpb_text_column\"><div class=\"wpb_wrapper\"><p><a ref=\"magnificPopup\" href=\"https:\/\/johanneum-lueneburg.de\/wordpress\/wp-content\/uploads\/2023\/07\/hermann_collitz_18551935_2.gif\"><img loading=\"lazy\" decoding=\"async\" class=\"alignnone size-full wp-image-13924\" src=\"https:\/\/johanneum-lueneburg.de\/wordpress\/wp-content\/uploads\/2023\/07\/hermann_collitz_18551935_2.gif\" alt=\"\" width=\"133\" height=\"200\" \/><\/a><\/p>\n<\/div><\/div><\/div><\/div><\/div><div class=\"vc_col-sm-9 wpb_column vc_column_container\"><div class=\"vc_column-inner\"><div class=\"wpb_wrapper\"><div class=\"wpb_text_column\"><div class=\"wpb_wrapper\"><p>W\u00e4hrend meiner Schulzeit begegnete mir der Name Hermann Collitz nie, wahrscheinlich war ich nur nicht aufmerksam genug. Vielleicht ist Hermann Collitz am Johanneum tats\u00e4chlich in Vergessenheit geraten. In der Galerie ber\u00fchmter Sch\u00fcler dieser Schule sollte er aber keineswegs fehlen. Vieles von dem, was die Philologen jener Tage besch\u00e4ftigte, ist auch heute noch nicht beschreibungs- und erkl\u00e4rungsad\u00e4quat gel\u00f6st. Kein Grund also, Hermann Collitz in die wissenschaftliche Rumpelkammer zu stellen.<\/p>\n<p>Der biographische Abriss in der ihm anl\u00e4sslich seines 70. Geburtstags gewidmeten Festschrift geht auf den schulischen Werdegang von Collitz besonders ein. Dort finden sich auch ausf\u00fchrliche Anmerkungen zu seinem wissenschaftlichen Schaffen.<\/p>\n<p>Das Johanneum kann sich jedenfalls sagen: &#8222;Wieder &#8218;mal einer von uns!&#8220;<\/p>\n<p style=\"text-align: right;\">Autor: Joachim Becker<\/p>\n<p>&nbsp;<\/p>\n<\/div><\/div><\/div><\/div><\/div><\/div><\/div><\/div><\/div><\/div><\/div><\/div><\/div><\/div><\/div><\/div><\/section>\n","protected":false},"excerpt":{"rendered":"Kurzbiographie von Joachim Becker (Abitur am Johanneum 1979) Ein Wegbereiter der modernen LinguistikEin Wegbereiter der modernen Linguistik Im Rahmen von Recherchen f\u00fcr einen Aufsatz \u00fcber die Anf\u00e4nge der indogermanischen und vergleichenden Sprachwissenschaft an der Universit\u00e4t G\u00f6ttingen stie\u00df ich auf Hermann Collitz, einen ehemaligen Sch\u00fcler des Johanneums (Abitur 1875), der in der Sprachwissenschaft als einer der...","protected":false},"author":1,"featured_media":0,"parent":0,"menu_order":0,"comment_status":"closed","ping_status":"closed","template":"","meta":{"footnotes":""},"class_list":["post-13921","page","type-page","status-publish","hentry"],"_links":{"self":[{"href":"https:\/\/johanneum-lueneburg.de\/wordpress\/wp-json\/wp\/v2\/pages\/13921","targetHints":{"allow":["GET"]}}],"collection":[{"href":"https:\/\/johanneum-lueneburg.de\/wordpress\/wp-json\/wp\/v2\/pages"}],"about":[{"href":"https:\/\/johanneum-lueneburg.de\/wordpress\/wp-json\/wp\/v2\/types\/page"}],"author":[{"embeddable":true,"href":"https:\/\/johanneum-lueneburg.de\/wordpress\/wp-json\/wp\/v2\/users\/1"}],"replies":[{"embeddable":true,"href":"https:\/\/johanneum-lueneburg.de\/wordpress\/wp-json\/wp\/v2\/comments?post=13921"}],"version-history":[{"count":1,"href":"https:\/\/johanneum-lueneburg.de\/wordpress\/wp-json\/wp\/v2\/pages\/13921\/revisions"}],"predecessor-version":[{"id":13925,"href":"https:\/\/johanneum-lueneburg.de\/wordpress\/wp-json\/wp\/v2\/pages\/13921\/revisions\/13925"}],"wp:attachment":[{"href":"https:\/\/johanneum-lueneburg.de\/wordpress\/wp-json\/wp\/v2\/media?parent=13921"}],"curies":[{"name":"wp","href":"https:\/\/api.w.org\/{rel}","templated":true}]}}

<section class="l-section wpb_row height_auto"><div class="l-section-h i-cf"><div class="g-cols vc_row via_flex valign_top type_default stacking_default"><div class="vc_col-sm-12 wpb_column vc_column_container"><div class="vc_column-inner"><div class="wpb_wrapper"><div class="wpb_text_column"><div class="wpb_wrapper"><p><strong>Kurzbiographie von Joachim Becker (Abitur am Johanneum 1979)<br />
</strong></p>
</div></div><div class="w-separator size_medium"></div><div class="w-tabs layout_hor style_default switch_click has_scrolling" style="--sections-title-size:1em"><div class="w-tabs-list items_1 align_none"><div class="w-tabs-list-h"><button class="w-tabs-item active" aria-controls="content-h90a" aria-expanded="false"><span class="w-tabs-item-title">Ein Wegbereiter der modernen Linguistik</span></button></div></div><div class="w-tabs-sections titles-align_none icon_chevron cpos_right"><div class="w-tabs-section active" id="h90a"><button class="w-tabs-section-header active" aria-controls="content-h90a" aria-expanded="true"><div class="w-tabs-section-title">Ein Wegbereiter der modernen Linguistik</div><div class="w-tabs-section-control"></div></button><div  class="w-tabs-section-content" id="content-h90a"><div class="w-tabs-section-content-h i-cf"><div class="g-cols wpb_row via_flex valign_top type_default stacking_default"><div class="vc_col-sm-3 wpb_column vc_column_container"><div class="vc_column-inner"><div class="wpb_wrapper"><div class="wpb_text_column"><div class="wpb_wrapper"><p><a ref="magnificPopup" href="https://johanneum-lueneburg.de/wordpress/wp-content/uploads/2023/07/hermann_collitz.jpg"><img loading="lazy" decoding="async" class="alignnone size-full wp-image-13922" src="https://johanneum-lueneburg.de/wordpress/wp-content/uploads/2023/07/hermann_collitz.jpg" alt="" width="100" height="141" srcset="https://johanneum-lueneburg.de/wordpress/wp-content/uploads/2023/07/hermann_collitz.jpg 100w, https://johanneum-lueneburg.de/wordpress/wp-content/uploads/2023/07/hermann_collitz-82x116.jpg 82w" sizes="auto, (max-width: 100px) 100vw, 100px" /></a></p>
</div></div></div></div></div><div class="vc_col-sm-9 wpb_column vc_column_container"><div class="vc_column-inner"><div class="wpb_wrapper"><div class="wpb_text_column"><div class="wpb_wrapper"><p>Im Rahmen von Recherchen für einen Aufsatz über die Anfänge der indogermanischen und vergleichenden Sprachwissenschaft an der Universität Göttingen stieß ich auf Hermann Collitz, einen ehemaligen Schüler des Johanneums (Abitur 1875), der in der Sprachwissenschaft als einer der Wegbereiter der modernen Linguistik gilt. Als Schüler des Johanneums (Abitur 1979) elektrisierte mich dieser Fund sofort.</p>
</div></div></div></div></div></div><div class="g-cols wpb_row via_flex valign_top type_default stacking_default"><div class="vc_col-sm-3 wpb_column vc_column_container"><div class="vc_column-inner"><div class="wpb_wrapper"><div class="wpb_text_column"><div class="wpb_wrapper"><p><a ref="magnificPopup" href="https://johanneum-lueneburg.de/wordpress/wp-content/uploads/2023/07/hermann_collitz_1.gif"><img loading="lazy" decoding="async" class="alignnone size-full wp-image-13923" src="https://johanneum-lueneburg.de/wordpress/wp-content/uploads/2023/07/hermann_collitz_1.gif" alt="" width="261" height="46" /></a></p>
</div></div></div></div></div><div class="vc_col-sm-9 wpb_column vc_column_container"><div class="vc_column-inner"><div class="wpb_wrapper"><div class="wpb_text_column"><div class="wpb_wrapper"><p>Hermann Collitz erforschte und unterrichtete die Sprachen, denen sich seit jeher das Johanneum auf besondere Weise gewidmet hat: Latein, Griechisch, Deutsch und Englisch. Collitz stand in engem Kontakt u.a. mit A. Bezzenberger, dem Begründer der (philologischen) Baltistik, A. Fick, dem überragenden Etymologen seiner Zeit, und M. Bloomfield, einem der wichtigsten Vertreter der modernen Linguistik.</p>
</div></div></div></div></div></div><div class="g-cols wpb_row via_flex valign_top type_default stacking_default"><div class="vc_col-sm-3 wpb_column vc_column_container"><div class="vc_column-inner"><div class="wpb_wrapper"><div class="wpb_text_column"><div class="wpb_wrapper"><p><a ref="magnificPopup" href="https://johanneum-lueneburg.de/wordpress/wp-content/uploads/2023/07/hermann_collitz_18551935_2.gif"><img loading="lazy" decoding="async" class="alignnone size-full wp-image-13924" src="https://johanneum-lueneburg.de/wordpress/wp-content/uploads/2023/07/hermann_collitz_18551935_2.gif" alt="" width="133" height="200" /></a></p>
</div></div></div></div></div><div class="vc_col-sm-9 wpb_column vc_column_container"><div class="vc_column-inner"><div class="wpb_wrapper"><div class="wpb_text_column"><div class="wpb_wrapper"><p>Während meiner Schulzeit begegnete mir der Name Hermann Collitz nie, wahrscheinlich war ich nur nicht aufmerksam genug. Vielleicht ist Hermann Collitz am Johanneum tatsächlich in Vergessenheit geraten. In der Galerie berühmter Schüler dieser Schule sollte er aber keineswegs fehlen. Vieles von dem, was die Philologen jener Tage beschäftigte, ist auch heute noch nicht beschreibungs- und erklärungsadäquat gelöst. Kein Grund also, Hermann Collitz in die wissenschaftliche Rumpelkammer zu stellen.</p>
<p>Der biographische Abriss in der ihm anlässlich seines 70. Geburtstags gewidmeten Festschrift geht auf den schulischen Werdegang von Collitz besonders ein. Dort finden sich auch ausführliche Anmerkungen zu seinem wissenschaftlichen Schaffen.</p>
<p>Das Johanneum kann sich jedenfalls sagen: &#8222;Wieder &#8218;mal einer von uns!&#8220;</p>
<p style="text-align: right;">Autor: Joachim Becker</p>
<p>&nbsp;</p>
</div></div></div></div></div></div></div></div></div></div></div></div></div></div></div></div></section>

Kurzbiographie von Joachim Becker (Abitur am Johanneum 1979) Ein Wegbereiter der modernen LinguistikEin Wegbereiter der modernen Linguistik Im Rahmen von Recherchen für einen Aufsatz über die Anfänge der indogermanischen und vergleichenden Sprachwissenschaft an der Universität Göttingen stieß ich auf Hermann Collitz, einen ehemaligen Schüler des Johanneums (Abitur 1875), der in der Sprachwissenschaft als einer der...
