{"id":11952,"date":"2023-02-16T09:03:27","date_gmt":"2023-02-16T08:03:27","guid":{"rendered":"https:\/\/johanneum-lueneburg.de\/wordpress\/?page_id=11952"},"modified":"2023-07-01T10:36:28","modified_gmt":"2023-07-01T08:36:28","slug":"weitere-informationen-zu","status":"publish","type":"page","link":"https:\/\/johanneum-lueneburg.de\/wordpress\/weitere-informationen-zu\/","title":{"rendered":"Engelbert Kaempfer: Detailinformationen"},"content":{"rendered":"<section class=\"l-section wpb_row height_auto\"><div class=\"l-section-h i-cf\"><div class=\"g-cols vc_row via_flex valign_top type_default stacking_default\"><div class=\"vc_col-sm-12 wpb_column vc_column_container\"><div class=\"vc_column-inner\"><div class=\"wpb_wrapper\"><div class=\"w-tabs layout_hor style_default switch_click has_scrolling\" style=\"--sections-title-size:1em\"><div class=\"w-tabs-list items_3 align_none\"><div class=\"w-tabs-list-h\"><button class=\"w-tabs-item active\" aria-controls=\"content-t9cd\" aria-expanded=\"false\"><span class=\"w-tabs-item-title\">Auszug aus der Brockhaus-Enzyklop\u00e4die<\/span><\/button><button class=\"w-tabs-item\" aria-controls=\"content-z46b\" aria-expanded=\"false\"><span class=\"w-tabs-item-title\">Pers\u00f6nlichkeit und Bedeutung<\/span><\/button><button class=\"w-tabs-item\" aria-controls=\"content-pace\" aria-expanded=\"false\"><span class=\"w-tabs-item-title\">\u00dcber den Gingko &#8211; Baum<\/span><\/button><\/div><\/div><div class=\"w-tabs-sections titles-align_none icon_chevron cpos_right\"><div class=\"w-tabs-section active\" id=\"t9cd\"><button class=\"w-tabs-section-header active\" aria-controls=\"content-t9cd\" aria-expanded=\"true\"><div class=\"w-tabs-section-title\">Auszug aus der Brockhaus-Enzyklop\u00e4die<\/div><div class=\"w-tabs-section-control\"><\/div><\/button><div  class=\"w-tabs-section-content\" id=\"content-t9cd\"><div class=\"w-tabs-section-content-h i-cf\"><div class=\"g-cols wpb_row via_flex valign_top type_default stacking_default\"><div class=\"vc_col-sm-3 wpb_column vc_column_container\"><div class=\"vc_column-inner\"><div class=\"wpb_wrapper\"><div class=\"wpb_text_column\"><div class=\"wpb_wrapper\"><p><a ref=\"magnificPopup\" href=\"https:\/\/johanneum-lueneburg.de\/wordpress\/wp-content\/uploads\/2023\/02\/engelbert_kaempfer_16511716.jpg\"><img loading=\"lazy\" decoding=\"async\" class=\"alignnone size-full wp-image-11805\" src=\"https:\/\/johanneum-lueneburg.de\/wordpress\/wp-content\/uploads\/2023\/02\/engelbert_kaempfer_16511716.jpg\" alt=\"\" width=\"247\" height=\"300\" srcset=\"https:\/\/johanneum-lueneburg.de\/wordpress\/wp-content\/uploads\/2023\/02\/engelbert_kaempfer_16511716.jpg 247w, https:\/\/johanneum-lueneburg.de\/wordpress\/wp-content\/uploads\/2023\/02\/engelbert_kaempfer_16511716-96x116.jpg 96w\" sizes=\"auto, (max-width: 247px) 100vw, 247px\" \/><\/a><\/p>\n<\/div><\/div><div class=\"wpb_text_column\"><div class=\"wpb_wrapper\"><p>Engelbert Kaempfer (1651-1716)<\/p>\n<\/div><\/div><\/div><\/div><\/div><div class=\"vc_col-sm-9 wpb_column vc_column_container\"><div class=\"vc_column-inner\"><div class=\"wpb_wrapper\"><div class=\"wpb_text_column\"><div class=\"wpb_wrapper\"><p>Kaempfer, Engelbert, Arzt und Forschungsreisender, * Lemgo 16.9.1651, \u2020 ebd. 2.11. 1716, kam 1683 als Sekret\u00e4r einer schwed. Gesandtschaft \u00fcber Moskau nach Persien, das er in vier Jahren gr\u00fcndlich erforschte, und er bereiste dann Arabien, Indien, Sumatra, Java und Siam. Das nach seinem Aufenthalt in Japan (1690-92) gewonnene Japan-Bild blieb bis ins 19. Jahrh. f\u00fcr Europa ma\u00dfgebend. Der gr\u00f6\u00dfte Teil seines wissenschaftl. Nachlasses liegt jedoch noch unver\u00f6ffentlicht im Brit. Museum in London. Werke: History of Japan and Siam, 2 Bde. (aus dem Nachla\u00df 1728; Neuaufl. 1906; dt. 1777-79; Neudruck 1964); Am Hofe des pers. Gro\u00dfk\u00f6nigs, bearb. V. W. Hinz (1940). K.Meier-Lemgo: E.K. (1937).<\/p>\n<p>Neuere Literatur:<br \/>\nHaberland, Detlef:<br \/>\nVon Lemgo nach Japan. Das ungew\u00f6hnliche Leben des Engelbert Kaempfer, Westfalen Verlag Bielefeld 1990<\/p>\n<\/div><\/div><\/div><\/div><\/div><\/div><\/div><\/div><\/div><div class=\"w-tabs-section\" id=\"z46b\"><button class=\"w-tabs-section-header\" aria-controls=\"content-z46b\" aria-expanded=\"false\"><div class=\"w-tabs-section-title\">Pers\u00f6nlichkeit und Bedeutung<\/div><div class=\"w-tabs-section-control\"><\/div><\/button><div  class=\"w-tabs-section-content\" id=\"content-z46b\"><div class=\"w-tabs-section-content-h i-cf\"><div class=\"wpb_text_column\"><div class=\"wpb_wrapper\"><p class=\"tiny_p\"><a ref=\"magnificPopup\" href=\"https:\/\/johanneum-lueneburg.de\/wordpress\/wp-content\/uploads\/2023\/02\/gingko3k.jpg\"><img loading=\"lazy\" decoding=\"async\" class=\"alignleft wp-image-11945 size-full\" src=\"https:\/\/johanneum-lueneburg.de\/wordpress\/wp-content\/uploads\/2023\/02\/gingko3k.jpg\" alt=\"\" width=\"200\" height=\"181\" srcset=\"https:\/\/johanneum-lueneburg.de\/wordpress\/wp-content\/uploads\/2023\/02\/gingko3k.jpg 200w, https:\/\/johanneum-lueneburg.de\/wordpress\/wp-content\/uploads\/2023\/02\/gingko3k-128x116.jpg 128w\" sizes=\"auto, (max-width: 200px) 100vw, 200px\" \/><\/a>Engelbert Kaempfer wuchs in einem Umfeld auf, das seine Laufbahn in gewissem Sinn beg\u00fcnstigte. Der Vater Johannes Kemper war nicht nur h\u00f6chster geistlicher W\u00fcrdentr\u00e4ger der Stadt Lemgo, sondern auch Angeh\u00f6riger einer Gilde der b\u00fcrgerlichen Oberschicht und pflegte Beziehungen zum gr\u00e4flichen Hause Lippe. Er sorgte daf\u00fcr, dass seine S\u00f6hne eine standesgem\u00e4\u00dfe Bildung erhielten. Inwieweit Johannes Kemper in die Lemgoer Hexenprozesse verwickelt war, l\u00e4sst sich nicht mit Sicherheit kl\u00e4ren. Es ist kein Engagement f\u00fcr die Hexenprozesse festzustellen, aber auch kein deutlicher Protest dagegen, insbesondere nicht gegen die Verurteilung und Verbrennung seines Amtsbruders und Schwagers seiner Frau Andreas Koch als Zauberer. Auf jeden Fall sollte sein Sohn Engelbert, der sich f\u00fcr Naturwissenschaften interessierte, eine Karriere als Gelehrter machen.<\/p>\n<\/div><\/div><div class=\"w-separator size_medium\"><\/div><div class=\"w-separator size_medium\"><\/div><div class=\"wpb_text_column\"><div class=\"wpb_wrapper\"><p class=\"tiny_p\"><a ref=\"magnificPopup\" href=\"https:\/\/johanneum-lueneburg.de\/wordpress\/wp-content\/uploads\/2023\/02\/37416db57ff69b0b090c2d3d70921ad4_blume1.jpg\"><img loading=\"lazy\" decoding=\"async\" class=\"alignright wp-image-11956 size-full\" src=\"https:\/\/johanneum-lueneburg.de\/wordpress\/wp-content\/uploads\/2023\/02\/37416db57ff69b0b090c2d3d70921ad4_blume1.jpg\" alt=\"\" width=\"185\" height=\"250\" srcset=\"https:\/\/johanneum-lueneburg.de\/wordpress\/wp-content\/uploads\/2023\/02\/37416db57ff69b0b090c2d3d70921ad4_blume1.jpg 185w, https:\/\/johanneum-lueneburg.de\/wordpress\/wp-content\/uploads\/2023\/02\/37416db57ff69b0b090c2d3d70921ad4_blume1-86x116.jpg 86w\" sizes=\"auto, (max-width: 185px) 100vw, 185px\" \/><\/a>Es geh\u00f6rt zu den Widerspr\u00fcchlichkeiten der damaligen Zeit, dass nach den Wirren des Drei\u00dfigj\u00e4hrigen Krieges einerseits das menschliche Selbstbewusstsein gelitten hatte, und das Barockzeitalter, wie das Pathos in Kaempfers Briefen zeigt, zwischen d\u00fcsterer und heiterer Lebensstimmung schwankte.<br \/>\nAndererseits war die Bereitschaft f\u00fcr ungew\u00f6hnliche Unternehmungen gestiegen. Das theologische Wissen , aber auch die Tugenden der Gelehrsamkeit der gerade aufkommenden Naturwissenschaft reichten f\u00fcr eine erfolgreiche Karriere nicht mehr aus. Die Qualit\u00e4ten eines Weltmannes mit gutem Benehmen waren bei Hofe gefragt. Kaempfers Pers\u00f6nlichkeit war von Wissensdurst, Aufbruchsstimmung und Reiselust gepr\u00e4gt, wobei die Unruhe, mit der er als Sch\u00fcler die Gymnasien wechselte, einer damals \u00fcblichen Gepflogenheit der S\u00f6hne aus h\u00f6heren Schichten entsprach. Auch die Entstehung des Absolutismus spiegelt sich in Kaempfers Lebenslauf wider, denn seine &#8222;Valedictio&#8220; (1673), die eine Rechtfertigung der absoluten Monarchie darstellt, entsprach seinem Bed\u00fcrfnis, einmal eine Stellung bei Hofe zu erringen. Er f\u00fchlte sich dem Adel n\u00e4her als dem B\u00fcrgertum.<\/p>\n<\/div><\/div><div class=\"w-separator size_medium\"><\/div><div class=\"wpb_text_column\"><div class=\"wpb_wrapper\"><p class=\"tiny_p\"><a ref=\"magnificPopup\" href=\"https:\/\/johanneum-lueneburg.de\/wordpress\/wp-content\/uploads\/2023\/02\/blume2.jpg\"><img loading=\"lazy\" decoding=\"async\" class=\"alignleft wp-image-11957 size-full\" src=\"https:\/\/johanneum-lueneburg.de\/wordpress\/wp-content\/uploads\/2023\/02\/blume2.jpg\" alt=\"\" width=\"158\" height=\"250\" srcset=\"https:\/\/johanneum-lueneburg.de\/wordpress\/wp-content\/uploads\/2023\/02\/blume2.jpg 158w, https:\/\/johanneum-lueneburg.de\/wordpress\/wp-content\/uploads\/2023\/02\/blume2-73x116.jpg 73w\" sizes=\"auto, (max-width: 158px) 100vw, 158px\" \/><\/a>Die wissenschaftliche Leistung Engelbert Kaempfers bestand darin, dass er durch seine botanischen, zoologischen und medizinischen Beobachtungen mit vielen damals verbreiteten Ammenm\u00e4rchen \u00fcber Krankheiten und \u00fcber die Herkunft mancher fremdl\u00e4ndischer Produkte und Arzneimittel aufr\u00e4umte. So glaubte man zum Beispiel damals, dass &#8222;Borometz&#8220; , das Fell ungeborener L\u00e4mmer von Karakulschafen (Persianer), die Frucht einer Pflanze sei. Kaempfers genaue Beobachtungen der Symptome von Tropenkrankheiten, seine Entdeckungen unbekannter Pflanzen , zum Beispiel des Ginkgo- Baumes (auch F\u00e4cherblatt- oder Elefantenohrbaum genannt), stellten Meilensteine in der Geschichte der Naturerkenntnis dar.<\/p>\n<\/div><\/div><div class=\"w-separator size_medium\"><\/div><div class=\"wpb_text_column\"><div class=\"wpb_wrapper\"><p class=\"tiny_p\"><a ref=\"magnificPopup\" href=\"https:\/\/johanneum-lueneburg.de\/wordpress\/wp-content\/uploads\/2023\/02\/42aa18aa81d2ad890e99eca49150e1d7_karte.jpg\"><img loading=\"lazy\" decoding=\"async\" class=\"alignright wp-image-11955 size-full\" src=\"https:\/\/johanneum-lueneburg.de\/wordpress\/wp-content\/uploads\/2023\/02\/42aa18aa81d2ad890e99eca49150e1d7_karte.jpg\" alt=\"\" width=\"320\" height=\"250\" srcset=\"https:\/\/johanneum-lueneburg.de\/wordpress\/wp-content\/uploads\/2023\/02\/42aa18aa81d2ad890e99eca49150e1d7_karte.jpg 320w, https:\/\/johanneum-lueneburg.de\/wordpress\/wp-content\/uploads\/2023\/02\/42aa18aa81d2ad890e99eca49150e1d7_karte-300x234.jpg 300w, https:\/\/johanneum-lueneburg.de\/wordpress\/wp-content\/uploads\/2023\/02\/42aa18aa81d2ad890e99eca49150e1d7_karte-148x116.jpg 148w\" sizes=\"auto, (max-width: 320px) 100vw, 320px\" \/><\/a>Als Engelbert Kaempfer Japan bereiste, hatten es die Japaner noch bei Todesstrafe verboten, Informationen \u00fcber Japan ins Ausland zu tragen. So verbrachte Kaempfer einen gro\u00dfen Teil seiner Zeit in Japan &#8222;interniert&#8220; auf der Nagasaki vorgelagerten k\u00fcnstlichen Insel Deshima. Seine Beobachtungen, Aufzeichnungen und Reisen in Japan musste er wegen der strengen Bewachung heimlich durchf\u00fchren. Kaempfer sprach selbst nicht Japanisch und versuchte deshalb, die F\u00fclle der japanischen Bezeichnungen von Pflanzen, Ortschaften usw. in lateinische Buchstaben zu \u00fcbersetzen, was allerdings nicht immer korrekt gelang. Seine Beschreibungen und unz\u00e4hligen Zeichnungen, die er auf seinen Reisen in Persien und Japan anfertigte, befinden sich teilweise noch heute in nicht edierten Skizzenb\u00fcchern im Britischen Museum in London. 1979 zeigte das Britische Museum in einer Ausstellung der sch\u00f6nsten Blumendarstellungen neben Werken von Albrecht D\u00fcrer und Matth\u00e4us Merian d.\u00c4lteren auch Zeichnungen von Engelbert Kaempfer. Au\u00dferdem wurden zwei von 29 chinesischen Farbdrucken ausgestellt, die Kaempfer 1694 aus Japan nach Lemgo mitgebracht hatte und die sp\u00e4ter nach England verkauft wurden. Diese auf d\u00fcnnem Reispapier gedruckten &#8222;Kaempfer-Drucke&#8220; bewahrten ihre urt\u00fcmliche Farbenkraft und geh\u00f6ren heute zu den gesuchtesten Graphiken der Welt. Seit 1926 begann mit den Untersuchungen von Karl Meier-Lemgo und Walter Hinz eine intensive Kaempferforschung. Theodor Heuss w\u00fcrdigte die Erz\u00e4hlkunst E. Kaempfers in der &#8222;Schattenbeschw\u00f6rung&#8220; (1960). Die 1971 gegr\u00fcndete &#8222;Engelbert-Kaempfer-Gesellschaft Lemgo e.V. Deutsch-Japanischer Freundeskreis&#8220; hat sich zum Ziel gesetzt, das Werk und Verm\u00e4chtnis Kaempfers zu pflegen.<\/p>\n<p class=\"tiny_p\">Vom 14.9.2001 &#8211; M\u00e4rz 2002 fanden anl\u00e4sslich seines 350. Geburtstages viele Veranstaltungen und Vortr\u00e4ge in Lemgo statt, u.a. eine Ausstellung im Institut f\u00fcr Lippische Landeskunde unter dem Titel:<br \/>\n<strong>Ginkgobaum und Riesenkrabbe<\/strong><\/p>\n<p style=\"text-align: right;\">Autor:\u00a0 Gerhard Glombik<\/p>\n<\/div><\/div><\/div><\/div><\/div><div class=\"w-tabs-section\" id=\"pace\"><button class=\"w-tabs-section-header\" aria-controls=\"content-pace\" aria-expanded=\"false\"><div class=\"w-tabs-section-title\">\u00dcber den Gingko &#8211; Baum<\/div><div class=\"w-tabs-section-control\"><\/div><\/button><div  class=\"w-tabs-section-content\" id=\"content-pace\"><div class=\"w-tabs-section-content-h i-cf\"><div class=\"wpb_text_column\"><div class=\"wpb_wrapper\"><p>Der Ginkgo- Baum (lat. Ginkgo biloba) ist einer eigenen botanischen Familie zuzurechnen (lat. Ginkgoaceae), in der er gleichzeitig als einzige Art vertreten ist. Man k\u00f6nnte ihn als ein lebendes Fossil bezeichnen, da er schon vor 150 Millionen Jahren seine gr\u00f6\u00dfte Verbreitung erfahren hatte; andere fossile Ginkgo-Arten gab es bereits vor ca. 300 Millionen Jahren.<\/p>\n<\/div><\/div><div class=\"w-separator size_medium\"><\/div><div class=\"wpb_text_column\"><div class=\"wpb_wrapper\"><p><a ref=\"magnificPopup\" href=\"https:\/\/johanneum-lueneburg.de\/wordpress\/wp-content\/uploads\/2023\/02\/gingko1k.jpg\"><img loading=\"lazy\" decoding=\"async\" class=\"alignleft wp-image-11958 size-full\" src=\"https:\/\/johanneum-lueneburg.de\/wordpress\/wp-content\/uploads\/2023\/02\/gingko1k.jpg\" alt=\"\" width=\"200\" height=\"174\" srcset=\"https:\/\/johanneum-lueneburg.de\/wordpress\/wp-content\/uploads\/2023\/02\/gingko1k.jpg 200w, https:\/\/johanneum-lueneburg.de\/wordpress\/wp-content\/uploads\/2023\/02\/gingko1k-133x116.jpg 133w\" sizes=\"auto, (max-width: 200px) 100vw, 200px\" \/><\/a>Nach Klimaver\u00e4nderungen in der Erdgeschichte hielt sich Ginkgo biloba nur in China und wurde von dort in andere Teile Asiens gebracht, z.B. nach Japan. Der Baum wurde hier h\u00e4ufig an Tempeln, in Parks und in den G\u00e4rten der Wohlhabenden gepflanzt. Heute s\u00e4umen Ginkgos auch Stra\u00dfen in New York, und sie erweisen sich auch in der modernen Gro\u00dfstadt als ausgesprochen widerstandsf\u00e4hig. Ein Ginkgo kann \u00fcber 1000 Jahre alt und bis zu 40 Meter hoch werden. Seine Bl\u00e4tter erinnern an die Form eines F\u00e4chers, weswegen er auch F\u00e4cherblattbaum oder auch Elefantenohrbaum genannt wird. Erstaunlich aber ist die Fortpflanzung des Ginkgo. Der Baum ist zweih\u00e4usig, das hei\u00dft, es gibt weibliche und m\u00e4nnliche B\u00e4ume, die erst im Alter von etwa 30 Jahren Bl\u00fctenst\u00e4nde ausbilden.<\/p>\n<\/div><\/div><div class=\"w-separator size_medium\"><\/div><div class=\"wpb_text_column\"><div class=\"wpb_wrapper\"><p><a ref=\"magnificPopup\" href=\"https:\/\/johanneum-lueneburg.de\/wordpress\/wp-content\/uploads\/2023\/02\/gingko4kaempfer.jpg\"><img loading=\"lazy\" decoding=\"async\" class=\"alignleft wp-image-11959 size-full\" src=\"https:\/\/johanneum-lueneburg.de\/wordpress\/wp-content\/uploads\/2023\/02\/gingko4kaempfer.jpg\" alt=\"\" width=\"227\" height=\"317\" srcset=\"https:\/\/johanneum-lueneburg.de\/wordpress\/wp-content\/uploads\/2023\/02\/gingko4kaempfer.jpg 227w, https:\/\/johanneum-lueneburg.de\/wordpress\/wp-content\/uploads\/2023\/02\/gingko4kaempfer-215x300.jpg 215w, https:\/\/johanneum-lueneburg.de\/wordpress\/wp-content\/uploads\/2023\/02\/gingko4kaempfer-83x116.jpg 83w\" sizes=\"auto, (max-width: 227px) 100vw, 227px\" \/><\/a><a ref=\"magnificPopup\" href=\"https:\/\/johanneum-lueneburg.de\/wordpress\/wp-content\/uploads\/2023\/02\/gingko2dunkelk.jpg\"><img loading=\"lazy\" decoding=\"async\" class=\"alignright wp-image-11960 size-full\" src=\"https:\/\/johanneum-lueneburg.de\/wordpress\/wp-content\/uploads\/2023\/02\/gingko2dunkelk.jpg\" alt=\"\" width=\"139\" height=\"200\" srcset=\"https:\/\/johanneum-lueneburg.de\/wordpress\/wp-content\/uploads\/2023\/02\/gingko2dunkelk.jpg 139w, https:\/\/johanneum-lueneburg.de\/wordpress\/wp-content\/uploads\/2023\/02\/gingko2dunkelk-81x116.jpg 81w\" sizes=\"auto, (max-width: 139px) 100vw, 139px\" \/><\/a>Im Jahre 1895 entdeckte ein japanischer Forscher, dass die Eizellen der weiblichen Bl\u00fctenst\u00e4nde von beweglichen m\u00e4nnlichen Spermazellen befruchtet werden; alle anderen heute existierenden Pflanzen au\u00dfer Farnen und Cycasgew\u00e4chse haben unbewegliche Samenzellen. Die zun\u00e4chst unscheinbar aussehenden weiblichen Samenanlagen wachsen, ob befruchtet oder nicht, nach einiger Zeit zu &#8222;Fr\u00fcchten&#8220; heran, die Mirabellen \u00e4hnlich sind. Dabei sind diese Gebilde genau genommen keine Fr\u00fcchte, und f\u00fcr den menschlichen Verzehr ist das \u00e4u\u00dfere Fruchtfleisch nicht geeignet. Beim Ginkgo wachsen die Samenanlagen, die wie Fr\u00fcchte aussehen, eventuell auch ohne eine Befruchtung heran, was ein Forscher auf den Begriff brachte: &#8222;Der Ginkgo legt Eier&#8220;. Eine Befruchtung kann auch stattfinden, nachdem die mirabellenartige Samenanlage schon vom Baum gefallen ist. Der m\u00e4nnliche Pollen wird mit einem Tr\u00f6pfchen eingefangen und durch eine kleine \u00d6ffnung (Mikropyle) ins Innere der Samenanlage geschleust. Hier erzeugt der Pollen bewegliche Spermatozoide, die sich auf die Eizelle im Innern zubewegen und mit ihr verschmelzen. Ist kein m\u00e4nnlicher Ginkgo-Baum in der N\u00e4he, sterben die Samenanlagen ab. Hat aber eine Befruchtung stattgefunden, entwickelt sich der eigentliche Same des Ginkgo als eine Art Nuss, die durchaus essbar und gebrannt sogar eine begehrte Delikatesse ist. Den Namen Ginkgo verdanken wir wahrscheinlich einem Fehler Engelbert Kaempfers, der Ginkyo wie Ginkgo las. Goethe wurde durch das Blatt des Ginkgo-Baumes 1815 zu nachdenklichen Versen inspiriert. Auf dem Schulhof des Johanneum wurde zum Gedenken an Engelbert Kaempfer 1992 ein Ginkgo-Baum gepflanzt.<\/p>\n<\/div><\/div><\/div><\/div><\/div><\/div><\/div><\/div><\/div><\/div><\/div><\/div><\/section>\n","protected":false},"excerpt":{"rendered":"Auszug aus der Brockhaus-Enzyklop\u00e4diePers\u00f6nlichkeit und Bedeutung\u00dcber den Gingko &#8211; BaumAuszug aus der Brockhaus-Enzyklop\u00e4die Engelbert Kaempfer (1651-1716) Kaempfer, Engelbert, Arzt und Forschungsreisender, * Lemgo 16.9.1651, \u2020 ebd. 2.11. 1716, kam 1683 als Sekret\u00e4r einer schwed. Gesandtschaft \u00fcber Moskau nach Persien, das er in vier Jahren gr\u00fcndlich erforschte, und er bereiste dann Arabien, Indien, Sumatra, Java und...","protected":false},"author":1,"featured_media":0,"parent":0,"menu_order":0,"comment_status":"closed","ping_status":"closed","template":"","meta":{"footnotes":""},"class_list":["post-11952","page","type-page","status-publish","hentry"],"_links":{"self":[{"href":"https:\/\/johanneum-lueneburg.de\/wordpress\/wp-json\/wp\/v2\/pages\/11952","targetHints":{"allow":["GET"]}}],"collection":[{"href":"https:\/\/johanneum-lueneburg.de\/wordpress\/wp-json\/wp\/v2\/pages"}],"about":[{"href":"https:\/\/johanneum-lueneburg.de\/wordpress\/wp-json\/wp\/v2\/types\/page"}],"author":[{"embeddable":true,"href":"https:\/\/johanneum-lueneburg.de\/wordpress\/wp-json\/wp\/v2\/users\/1"}],"replies":[{"embeddable":true,"href":"https:\/\/johanneum-lueneburg.de\/wordpress\/wp-json\/wp\/v2\/comments?post=11952"}],"version-history":[{"count":10,"href":"https:\/\/johanneum-lueneburg.de\/wordpress\/wp-json\/wp\/v2\/pages\/11952\/revisions"}],"predecessor-version":[{"id":13830,"href":"https:\/\/johanneum-lueneburg.de\/wordpress\/wp-json\/wp\/v2\/pages\/11952\/revisions\/13830"}],"wp:attachment":[{"href":"https:\/\/johanneum-lueneburg.de\/wordpress\/wp-json\/wp\/v2\/media?parent=11952"}],"curies":[{"name":"wp","href":"https:\/\/api.w.org\/{rel}","templated":true}]}}