{"id":10414,"date":"2022-09-05T16:09:05","date_gmt":"2022-09-05T14:09:05","guid":{"rendered":"https:\/\/johanneum-lueneburg.de\/wordpress\/?page_id=10414"},"modified":"2022-09-06T08:20:11","modified_gmt":"2022-09-06T06:20:11","slug":"naturphaenomene-entdecken","status":"publish","type":"page","link":"https:\/\/johanneum-lueneburg.de\/wordpress\/naturphaenomene-entdecken\/","title":{"rendered":"Naturph\u00e4nomene entdecken"},"content":{"rendered":"<section class=\"l-section wpb_row height_auto\"><div class=\"l-section-h i-cf\"><div class=\"g-cols vc_row via_flex valign_top type_default stacking_default\"><div class=\"vc_col-sm-12 wpb_column vc_column_container\"><div class=\"vc_column-inner\"><div class=\"wpb_wrapper\"><div class=\"wpb_text_column\"><div class=\"wpb_wrapper\"><p class=\"tiny_p\">In dieser AG k\u00f6nnt ihr spannende Naturph\u00e4nomene erforschen und dabei Versuche selbst durchf\u00fchren und bearbeiten. Das Programm orientiert sich an eurem Vorwissen und euren Interessen.<\/p>\n<p class=\"tiny_p\">Unser Ziel ist es, dass ihr Freude am Experimentieren gewinnt und lernt, eigenst\u00e4ndig Versuche und Projekte zu bearbeiten. Besonders engagierte Forscherinnen und Forscher k\u00f6nnen auch schon an Wettbewerben wie z.B. dem\u00a0<a href=\"..\/..\/news\/index9845.html?rubrik=1&amp;news=320302&amp;typ=1\"><em>Bundesweiten Physikwettbewerb<\/em><\/a>\u00a0oder\u00a0<em>Sch\u00fcler experimentieren<\/em>\u00a0teilnehmen.<\/p>\n<\/div><\/div><\/div><\/div><\/div><\/div><\/div><\/section>\n","protected":false},"excerpt":{"rendered":"In dieser AG k\u00f6nnt ihr spannende Naturph\u00e4nomene erforschen und dabei Versuche selbst durchf\u00fchren und bearbeiten. Das Programm orientiert sich an eurem Vorwissen und euren Interessen. Unser Ziel ist es, dass ihr Freude am Experimentieren gewinnt und lernt, eigenst\u00e4ndig Versuche und Projekte zu bearbeiten. Besonders engagierte Forscherinnen und Forscher k\u00f6nnen auch schon an Wettbewerben wie z.B....","protected":false},"author":1,"featured_media":0,"parent":0,"menu_order":0,"comment_status":"closed","ping_status":"closed","template":"","meta":{"footnotes":""},"class_list":["post-10414","page","type-page","status-publish","hentry"],"_links":{"self":[{"href":"https:\/\/johanneum-lueneburg.de\/wordpress\/wp-json\/wp\/v2\/pages\/10414","targetHints":{"allow":["GET"]}}],"collection":[{"href":"https:\/\/johanneum-lueneburg.de\/wordpress\/wp-json\/wp\/v2\/pages"}],"about":[{"href":"https:\/\/johanneum-lueneburg.de\/wordpress\/wp-json\/wp\/v2\/types\/page"}],"author":[{"embeddable":true,"href":"https:\/\/johanneum-lueneburg.de\/wordpress\/wp-json\/wp\/v2\/users\/1"}],"replies":[{"embeddable":true,"href":"https:\/\/johanneum-lueneburg.de\/wordpress\/wp-json\/wp\/v2\/comments?post=10414"}],"version-history":[{"count":1,"href":"https:\/\/johanneum-lueneburg.de\/wordpress\/wp-json\/wp\/v2\/pages\/10414\/revisions"}],"predecessor-version":[{"id":10415,"href":"https:\/\/johanneum-lueneburg.de\/wordpress\/wp-json\/wp\/v2\/pages\/10414\/revisions\/10415"}],"wp:attachment":[{"href":"https:\/\/johanneum-lueneburg.de\/wordpress\/wp-json\/wp\/v2\/media?parent=10414"}],"curies":[{"name":"wp","href":"https:\/\/api.w.org\/{rel}","templated":true}]}}